{"id":1065,"date":"2022-04-17T21:30:16","date_gmt":"2022-04-17T19:30:16","guid":{"rendered":"https:\/\/talencegymnastique.fr\/?page_id=1065"},"modified":"2022-05-02T14:34:07","modified_gmt":"2022-05-02T12:34:07","slug":"departement-equipe-federal-a-arcachon-15-16-janvier-2","status":"publish","type":"page","link":"https:\/\/talencegymnastique.fr\/?page_id=1065","title":{"rendered":"InterD\u00e9partement \u00c9quipe F\u00e9d\u00e9ral A La Teste 16\/17 Avril"},"content":{"rendered":"\n<p class=\"has-text-align-center has-luminous-vivid-amber-color has-black-background-color has-text-color has-background has-medium-font-size\"><strong>R\u00e9sultats<\/strong><\/p>\n\n\n\n<figure class=\"wp-block-table is-style-stripes\"><table class=\"has-background\" style=\"background:linear-gradient(135deg,rgb(236,4,193) 0%,rgb(0,209,190) 100%)\"><tbody><tr><td><em>\u00c9quipe<\/em><\/td><td class=\"has-text-align-left\" data-align=\"left\"><em>R\u00e9sultat<\/em><\/td><td class=\"has-text-align-center\" data-align=\"center\"><em>Total point<\/em><\/td><td class=\"has-text-align-center\" data-align=\"center\"><em>D\u00e9tail<\/em><\/td><\/tr><tr><td>F\u00e9d\u00e9ral A reg 10-11 ans<\/td><td class=\"has-text-align-left\" data-align=\"left\">10\/11<\/td><td class=\"has-text-align-center\" data-align=\"center\">90.020<\/td><td class=\"has-text-align-center\" data-align=\"center\"><a href=\"https:\/\/talencegymnastique.fr\/wp-content\/uploads\/2022\/05\/FedA10-11reg.pdf\">Voir<\/a><\/td><\/tr><tr><td>F\u00e9d\u00e9ral A reg 14 ans et +  <\/td><td class=\"has-text-align-left\" data-align=\"left\">2\/13<\/td><td class=\"has-text-align-center\" data-align=\"center\">109.850<\/td><td class=\"has-text-align-center\" data-align=\"center\"><a href=\"https:\/\/talencegymnastique.fr\/wp-content\/uploads\/2022\/05\/FedA14reg.pdf\">Voir<\/a> <\/td><\/tr><tr><td>F\u00e9d\u00e9ral A reg 10 ans et +<\/td><td class=\"has-text-align-left\" data-align=\"left\">9\/17<\/td><td class=\"has-text-align-center\" data-align=\"center\">92.452<\/td><td class=\"has-text-align-center\" data-align=\"center\"><a href=\"https:\/\/talencegymnastique.fr\/wp-content\/uploads\/2022\/05\/FedA10reg.pdf\">Voir<\/a><\/td><\/tr><\/tbody><\/table><\/figure>\n\n\n\n<p class=\"has-text-align-center has-luminous-vivid-amber-color has-black-background-color has-text-color has-background has-medium-font-size\"><strong>Photos de la comp\u00e9tition<\/strong><\/p>\n\n\n","protected":false},"excerpt":{"rendered":"<p>R\u00e9sultats \u00c9quipe R\u00e9sultat Total point D\u00e9tail F\u00e9d\u00e9ral A reg 10-11 ans 10\/11 90.020 Voir F\u00e9d\u00e9ral A reg 14 ans et + 2\/13 109.850 Voir F\u00e9d\u00e9ral A reg 10 ans et + 9\/17 92.452 Voir Photos de la comp\u00e9tition<\/p>\n","protected":false},"author":1,"featured_media":0,"parent":352,"menu_order":0,"comment_status":"closed","ping_status":"closed","template":"","meta":{"footnotes":""},"class_list":["post-1065","page","type-page","status-publish","hentry"],"jetpack_sharing_enabled":true,"_links":{"self":[{"href":"https:\/\/talencegymnastique.fr\/index.php?rest_route=\/wp\/v2\/pages\/1065","targetHints":{"allow":["GET"]}}],"collection":[{"href":"https:\/\/talencegymnastique.fr\/index.php?rest_route=\/wp\/v2\/pages"}],"about":[{"href":"https:\/\/talencegymnastique.fr\/index.php?rest_route=\/wp\/v2\/types\/page"}],"author":[{"embeddable":true,"href":"https:\/\/talencegymnastique.fr\/index.php?rest_route=\/wp\/v2\/users\/1"}],"replies":[{"embeddable":true,"href":"https:\/\/talencegymnastique.fr\/index.php?rest_route=%2Fwp%2Fv2%2Fcomments&post=1065"}],"version-history":[{"count":3,"href":"https:\/\/talencegymnastique.fr\/index.php?rest_route=\/wp\/v2\/pages\/1065\/revisions"}],"predecessor-version":[{"id":1079,"href":"https:\/\/talencegymnastique.fr\/index.php?rest_route=\/wp\/v2\/pages\/1065\/revisions\/1079"}],"up":[{"embeddable":true,"href":"https:\/\/talencegymnastique.fr\/index.php?rest_route=\/wp\/v2\/pages\/352"}],"wp:attachment":[{"href":"https:\/\/talencegymnastique.fr\/index.php?rest_route=%2Fwp%2Fv2%2Fmedia&parent=1065"}],"curies":[{"name":"wp","href":"https:\/\/api.w.org\/{rel}","templated":true}]}}

InterDépartement Équipe Fédéral A La Teste 16/17 Avril

<p class="has-text-align-center has-luminous-vivid-amber-color has-black-background-color has-text-color has-background has-medium-font-size"><strong>Résultats</strong></p>



<figure class="wp-block-table is-style-stripes"><table class="has-background" style="background:linear-gradient(135deg,rgb(236,4,193) 0%,rgb(0,209,190) 100%)"><tbody><tr><td><em>Équipe</em></td><td class="has-text-align-left" data-align="left"><em>Résultat</em></td><td class="has-text-align-center" data-align="center"><em>Total point</em></td><td class="has-text-align-center" data-align="center"><em>Détail</em></td></tr><tr><td>Fédéral A reg 10-11 ans</td><td class="has-text-align-left" data-align="left">10/11</td><td class="has-text-align-center" data-align="center">90.020</td><td class="has-text-align-center" data-align="center"><a href="https://talencegymnastique.fr/wp-content/uploads/2022/05/FedA10-11reg.pdf">Voir</a></td></tr><tr><td>Fédéral A reg 14 ans et +  </td><td class="has-text-align-left" data-align="left">2/13</td><td class="has-text-align-center" data-align="center">109.850</td><td class="has-text-align-center" data-align="center"><a href="https://talencegymnastique.fr/wp-content/uploads/2022/05/FedA14reg.pdf">Voir</a> </td></tr><tr><td>Fédéral A reg 10 ans et +</td><td class="has-text-align-left" data-align="left">9/17</td><td class="has-text-align-center" data-align="center">92.452</td><td class="has-text-align-center" data-align="center"><a href="https://talencegymnastique.fr/wp-content/uploads/2022/05/FedA10reg.pdf">Voir</a></td></tr></tbody></table></figure>



<p class="has-text-align-center has-luminous-vivid-amber-color has-black-background-color has-text-color has-background has-medium-font-size"><strong>Photos de la compétition</strong></p>

<p>Résultats Équipe Résultat Total point Détail Fédéral A reg 10-11 ans 10/11 90.020 Voir Fédéral A reg 14 ans et + 2/13 109.850 Voir Fédéral A reg 10 ans et + 9/17 92.452 Voir Photos de la compétition</p>
