{"id":1100,"date":"2022-05-30T00:44:06","date_gmt":"2022-05-29T22:44:06","guid":{"rendered":"https:\/\/talencegymnastique.fr\/?page_id=1100"},"modified":"2022-05-30T00:44:08","modified_gmt":"2022-05-29T22:44:08","slug":"finale-interdepartementale-equipe-federal-b-andernos-14-15-mai","status":"publish","type":"page","link":"https:\/\/talencegymnastique.fr\/?page_id=1100","title":{"rendered":"Finale Interd\u00e9partementale \u00c9quipe F\u00e9d\u00e9ral B Andernos 14\/15 Mai"},"content":{"rendered":"\n<p class=\"has-text-align-center has-luminous-vivid-amber-color has-black-background-color has-text-color has-background has-medium-font-size\"><strong>R\u00e9sultats<\/strong><\/p>\n\n\n\n<figure class=\"wp-block-table is-style-stripes\"><table class=\"has-background\" style=\"background:linear-gradient(135deg,rgb(236,4,193) 0%,rgb(0,209,190) 100%)\"><tbody><tr><td><em>\u00c9quipe<\/em><\/td><td class=\"has-text-align-left\" data-align=\"left\"><em>R\u00e9sultat<\/em><\/td><td class=\"has-text-align-center\" data-align=\"center\"><em>Total point<\/em><\/td><td class=\"has-text-align-center\" data-align=\"center\"><em>D\u00e9tail<\/em><\/td><\/tr><tr><td>F\u00e9d\u00e9ral B 7-9 ans EQ1<\/td><td class=\"has-text-align-left\" data-align=\"left\">7\/20<\/td><td class=\"has-text-align-center\" data-align=\"center\">111.586<\/td><td class=\"has-text-align-center\" data-align=\"center\"><a href=\"https:\/\/talencegymnastique.fr\/wp-content\/uploads\/2022\/05\/Fed-B-7-9.pdf\">Voir<\/a><\/td><\/tr><tr><td>F\u00e9d\u00e9ral B 10-11 ans<\/td><td class=\"has-text-align-left\" data-align=\"left\">2\/27<\/td><td class=\"has-text-align-center\" data-align=\"center\">118.585<\/td><td class=\"has-text-align-center\" data-align=\"center\"><a href=\"https:\/\/talencegymnastique.fr\/wp-content\/uploads\/2022\/05\/Fed-B-10-11.pdf\">Voir<\/a> <\/td><\/tr><tr><td>F\u00e9d\u00e9ral B 10-13 ans EQ1<\/td><td class=\"has-text-align-left\" data-align=\"left\">2\/15<\/td><td class=\"has-text-align-center\" data-align=\"center\">117.419<\/td><td class=\"has-text-align-center\" data-align=\"center\"><a href=\"https:\/\/talencegymnastique.fr\/wp-content\/uploads\/2022\/05\/Fed-B-10-13.pdf\">Voir<\/a> <\/td><\/tr><tr><td>F\u00e9d\u00e9ral B 10-13 ans EQ2<\/td><td class=\"has-text-align-left\" data-align=\"left\">5\/15<\/td><td class=\"has-text-align-center\" data-align=\"center\">115.752<\/td><td class=\"has-text-align-center\" data-align=\"center\"><a href=\"https:\/\/talencegymnastique.fr\/wp-content\/uploads\/2022\/05\/Fed-B-10-13.pdf\">Voir<\/a><\/td><\/tr><\/tbody><\/table><\/figure>\n\n\n\n<p class=\"has-text-align-center has-luminous-vivid-amber-color has-black-background-color has-text-color has-background has-medium-font-size\"><strong>Photos de la comp\u00e9tition<\/strong><\/p>\n\n\n","protected":false},"excerpt":{"rendered":"<p>R\u00e9sultats \u00c9quipe R\u00e9sultat Total point D\u00e9tail F\u00e9d\u00e9ral B 7-9 ans EQ1 7\/20 111.586 Voir F\u00e9d\u00e9ral B 10-11 ans 2\/27 118.585 Voir F\u00e9d\u00e9ral B 10-13 ans EQ1 2\/15 117.419 Voir F\u00e9d\u00e9ral B 10-13 ans EQ2 5\/15 115.752 Voir Photos de la comp\u00e9tition<\/p>\n","protected":false},"author":1,"featured_media":0,"parent":352,"menu_order":0,"comment_status":"closed","ping_status":"closed","template":"","meta":{"footnotes":""},"class_list":["post-1100","page","type-page","status-publish","hentry"],"jetpack_sharing_enabled":true,"_links":{"self":[{"href":"https:\/\/talencegymnastique.fr\/index.php?rest_route=\/wp\/v2\/pages\/1100","targetHints":{"allow":["GET"]}}],"collection":[{"href":"https:\/\/talencegymnastique.fr\/index.php?rest_route=\/wp\/v2\/pages"}],"about":[{"href":"https:\/\/talencegymnastique.fr\/index.php?rest_route=\/wp\/v2\/types\/page"}],"author":[{"embeddable":true,"href":"https:\/\/talencegymnastique.fr\/index.php?rest_route=\/wp\/v2\/users\/1"}],"replies":[{"embeddable":true,"href":"https:\/\/talencegymnastique.fr\/index.php?rest_route=%2Fwp%2Fv2%2Fcomments&post=1100"}],"version-history":[{"count":1,"href":"https:\/\/talencegymnastique.fr\/index.php?rest_route=\/wp\/v2\/pages\/1100\/revisions"}],"predecessor-version":[{"id":1104,"href":"https:\/\/talencegymnastique.fr\/index.php?rest_route=\/wp\/v2\/pages\/1100\/revisions\/1104"}],"up":[{"embeddable":true,"href":"https:\/\/talencegymnastique.fr\/index.php?rest_route=\/wp\/v2\/pages\/352"}],"wp:attachment":[{"href":"https:\/\/talencegymnastique.fr\/index.php?rest_route=%2Fwp%2Fv2%2Fmedia&parent=1100"}],"curies":[{"name":"wp","href":"https:\/\/api.w.org\/{rel}","templated":true}]}}

Finale Interdépartementale Équipe Fédéral B Andernos 14/15 Mai

<p class="has-text-align-center has-luminous-vivid-amber-color has-black-background-color has-text-color has-background has-medium-font-size"><strong>Résultats</strong></p>



<figure class="wp-block-table is-style-stripes"><table class="has-background" style="background:linear-gradient(135deg,rgb(236,4,193) 0%,rgb(0,209,190) 100%)"><tbody><tr><td><em>Équipe</em></td><td class="has-text-align-left" data-align="left"><em>Résultat</em></td><td class="has-text-align-center" data-align="center"><em>Total point</em></td><td class="has-text-align-center" data-align="center"><em>Détail</em></td></tr><tr><td>Fédéral B 7-9 ans EQ1</td><td class="has-text-align-left" data-align="left">7/20</td><td class="has-text-align-center" data-align="center">111.586</td><td class="has-text-align-center" data-align="center"><a href="https://talencegymnastique.fr/wp-content/uploads/2022/05/Fed-B-7-9.pdf">Voir</a></td></tr><tr><td>Fédéral B 10-11 ans</td><td class="has-text-align-left" data-align="left">2/27</td><td class="has-text-align-center" data-align="center">118.585</td><td class="has-text-align-center" data-align="center"><a href="https://talencegymnastique.fr/wp-content/uploads/2022/05/Fed-B-10-11.pdf">Voir</a> </td></tr><tr><td>Fédéral B 10-13 ans EQ1</td><td class="has-text-align-left" data-align="left">2/15</td><td class="has-text-align-center" data-align="center">117.419</td><td class="has-text-align-center" data-align="center"><a href="https://talencegymnastique.fr/wp-content/uploads/2022/05/Fed-B-10-13.pdf">Voir</a> </td></tr><tr><td>Fédéral B 10-13 ans EQ2</td><td class="has-text-align-left" data-align="left">5/15</td><td class="has-text-align-center" data-align="center">115.752</td><td class="has-text-align-center" data-align="center"><a href="https://talencegymnastique.fr/wp-content/uploads/2022/05/Fed-B-10-13.pdf">Voir</a></td></tr></tbody></table></figure>



<p class="has-text-align-center has-luminous-vivid-amber-color has-black-background-color has-text-color has-background has-medium-font-size"><strong>Photos de la compétition</strong></p>

<p>Résultats Équipe Résultat Total point Détail Fédéral B 7-9 ans EQ1 7/20 111.586 Voir Fédéral B 10-11 ans 2/27 118.585 Voir Fédéral B 10-13 ans EQ1 2/15 117.419 Voir Fédéral B 10-13 ans EQ2 5/15 115.752 Voir Photos de la compétition</p>
