{"id":1609,"date":"2024-01-15T17:26:25","date_gmt":"2024-01-15T16:26:25","guid":{"rendered":"https:\/\/talencegymnastique.fr\/?page_id=1609"},"modified":"2024-03-08T16:26:35","modified_gmt":"2024-03-08T15:26:35","slug":"resultats-saison-2023-2024-teamgym","status":"publish","type":"page","link":"https:\/\/talencegymnastique.fr\/?page_id=1609","title":{"rendered":"R\u00e9sultats Saison 2023-2024 TeamGym"},"content":{"rendered":"\n<p>La TeamGym au club cette ann\u00e9e c&rsquo;est 7 \u00e9quipes allant de la F\u00e9d\u00e9ral B \u00e0 la Nationale A. <\/p>\n\n\n\n<p class=\"has-vivid-red-color has-text-color has-link-color wp-elements-651dad49e0cfd012e6bc9ba0ccfb3671\"><em><strong>Maj 08\/03\/24<\/strong><\/em><\/p>\n\n\n\n<p class=\"has-text-align-center has-vivid-red-color has-text-color has-link-color wp-elements-169200ed3a6ee065172b0fe5e8f1b5f4\"><strong>F\u00e9licitations \u00e0 nos \u00e9quipes qui continuent leurs supers r\u00e9sultats!!!!<\/strong><\/p>\n\n\n\n<p class=\"has-text-align-center has-luminous-vivid-amber-color has-black-background-color has-text-color has-background has-medium-font-size\">Inter-D\u00e9partement &#8211; Bruges &#8211; 10 F\u00e9vrier 2024 : <a href=\"https:\/\/talencegymnastique.fr\/wp-content\/uploads\/2024\/03\/ID-TEAM.pdf\">Cliquez-ici<\/a><\/p>\n\n\n\n<figure class=\"wp-block-table is-style-stripes\"><table class=\"has-background\" style=\"background:linear-gradient(135deg,rgb(236,4,193) 0%,rgb(0,209,190) 100%)\"><tbody><tr><td><em>\u00c9quipe<\/em><\/td><td class=\"has-text-align-left\" data-align=\"left\"><em>R\u00e9sultat<\/em><\/td><td class=\"has-text-align-center\" data-align=\"center\"><em>Total point<\/em><\/td><\/tr><tr><td>Nationale A 12 ans et +<\/td><td class=\"has-text-align-left\" data-align=\"left\">1\/1<\/td><td class=\"has-text-align-center\" data-align=\"center\">47.733<\/td><\/tr><tr><td>Nationale B Fem 12 ans et +<\/td><td class=\"has-text-align-left\" data-align=\"left\">\/8<\/td><td class=\"has-text-align-center\" data-align=\"center\">52.433<\/td><\/tr><tr><td>Nationale C 10-15 ans<\/td><td class=\"has-text-align-left\" data-align=\"left\">1\/1<\/td><td class=\"has-text-align-center\" data-align=\"center\">52.116<\/td><\/tr><tr><td>F\u00e9d\u00e9ral A Adulte<\/td><td class=\"has-text-align-left\" data-align=\"left\">1\/3<\/td><td class=\"has-text-align-center\" data-align=\"center\">51.683<\/td><\/tr><tr><td>F\u00e9d\u00e9ral A Mixte 12 ans et +<\/td><td class=\"has-text-align-left\" data-align=\"left\">1\/6<\/td><td class=\"has-text-align-center\" data-align=\"center\">51.250<\/td><\/tr><tr><td>F\u00e9d\u00e9ral A 10\/15 ans <\/td><td class=\"has-text-align-left\" data-align=\"left\">2\/3<\/td><td class=\"has-text-align-center\" data-align=\"center\">46.400<\/td><\/tr><tr><td>F\u00e9d\u00e9ral B 10\/15 ans<\/td><td class=\"has-text-align-left\" data-align=\"left\">1\/5<\/td><td class=\"has-text-align-center\" data-align=\"center\">47.800<\/td><\/tr><\/tbody><\/table><\/figure>\n\n\n\n<hr class=\"wp-block-separator has-text-color has-black-color has-alpha-channel-opacity has-black-background-color has-background\"\/>\n\n\n\n<p class=\"has-vivid-red-color has-text-color has-link-color wp-elements-c50653b92b81fcbacf5dcf7f55cc16c2\"><em><strong>Maj 15\/01\/24<\/strong><\/em><\/p>\n\n\n\n<p class=\"has-text-align-center has-vivid-red-color has-text-color has-link-color wp-elements-fc45d4137d2b4f325d318348442972c1\"><strong>A la suite de cette premi\u00e8re comp\u00e9tition, toutes nos \u00e9quipes sont championnes d\u00e9partementales, FELICITATIONS<\/strong>!!!!!!<\/p>\n\n\n\n<p class=\"has-text-align-center has-luminous-vivid-amber-color has-black-background-color has-text-color has-background has-medium-font-size\">D\u00e9partement &#8211; Arcachon &#8211; 17 D\u00e9cembre 2023 : <a href=\"https:\/\/talencegymnastique.fr\/wp-content\/uploads\/2024\/01\/dep-team.pdf\">Cliquez-ici<\/a><\/p>\n\n\n\n<figure class=\"wp-block-table is-style-stripes\"><table class=\"has-background\" style=\"background:linear-gradient(135deg,rgb(236,4,193) 0%,rgb(0,209,190) 100%)\"><tbody><tr><td><em>\u00c9quipe<\/em><\/td><td class=\"has-text-align-left\" data-align=\"left\"><em>R\u00e9sultat<\/em><\/td><td class=\"has-text-align-center\" data-align=\"center\"><em>Total point<\/em><\/td><\/tr><tr><td>Nationale A 12 ans et +<\/td><td class=\"has-text-align-left\" data-align=\"left\">1\/1<\/td><td class=\"has-text-align-center\" data-align=\"center\">48.466<\/td><\/tr><tr><td>Nationale B Fem 12 ans et +<\/td><td class=\"has-text-align-left\" data-align=\"left\">1\/4<\/td><td class=\"has-text-align-center\" data-align=\"center\">50.083<\/td><\/tr><tr><td>Nationale C 10-15 ans<\/td><td class=\"has-text-align-left\" data-align=\"left\">1\/1<\/td><td class=\"has-text-align-center\" data-align=\"center\">46.333<\/td><\/tr><tr><td>F\u00e9d\u00e9ral A Adulte<\/td><td class=\"has-text-align-left\" data-align=\"left\">1\/3<\/td><td class=\"has-text-align-center\" data-align=\"center\">52.499<\/td><\/tr><tr><td>F\u00e9d\u00e9ral A Mixte 12 ans et +<\/td><td class=\"has-text-align-left\" data-align=\"left\">1\/5<\/td><td class=\"has-text-align-center\" data-align=\"center\">48.433<\/td><\/tr><tr><td>F\u00e9d\u00e9ral A 10\/15 ans <\/td><td class=\"has-text-align-left\" data-align=\"left\">1\/3<\/td><td class=\"has-text-align-center\" data-align=\"center\">48.766<\/td><\/tr><tr><td>F\u00e9d\u00e9ral B 10\/15 ans<\/td><td class=\"has-text-align-left\" data-align=\"left\">1\/2<\/td><td class=\"has-text-align-center\" data-align=\"center\">44.233<\/td><\/tr><\/tbody><\/table><\/figure>\n","protected":false},"excerpt":{"rendered":"<p>La TeamGym au club cette ann\u00e9e c&rsquo;est 7 \u00e9quipes allant de la F\u00e9d\u00e9ral B \u00e0 la Nationale A. Maj 08\/03\/24 F\u00e9licitations \u00e0 nos \u00e9quipes qui continuent leurs supers r\u00e9sultats!!!! Inter-D\u00e9partement &#8211; Bruges &#8211; 10 F\u00e9vrier 2024 : Cliquez-ici \u00c9quipe R\u00e9sultat Total point Nationale A 12 ans et + 1\/1 47.733 Nationale B Fem 12 ans &hellip; <\/p>\n","protected":false},"author":1,"featured_media":0,"parent":1603,"menu_order":0,"comment_status":"closed","ping_status":"closed","template":"","meta":{"footnotes":""},"class_list":["post-1609","page","type-page","status-publish","hentry"],"jetpack_sharing_enabled":true,"_links":{"self":[{"href":"https:\/\/talencegymnastique.fr\/index.php?rest_route=\/wp\/v2\/pages\/1609","targetHints":{"allow":["GET"]}}],"collection":[{"href":"https:\/\/talencegymnastique.fr\/index.php?rest_route=\/wp\/v2\/pages"}],"about":[{"href":"https:\/\/talencegymnastique.fr\/index.php?rest_route=\/wp\/v2\/types\/page"}],"author":[{"embeddable":true,"href":"https:\/\/talencegymnastique.fr\/index.php?rest_route=\/wp\/v2\/users\/1"}],"replies":[{"embeddable":true,"href":"https:\/\/talencegymnastique.fr\/index.php?rest_route=%2Fwp%2Fv2%2Fcomments&post=1609"}],"version-history":[{"count":8,"href":"https:\/\/talencegymnastique.fr\/index.php?rest_route=\/wp\/v2\/pages\/1609\/revisions"}],"predecessor-version":[{"id":1698,"href":"https:\/\/talencegymnastique.fr\/index.php?rest_route=\/wp\/v2\/pages\/1609\/revisions\/1698"}],"up":[{"embeddable":true,"href":"https:\/\/talencegymnastique.fr\/index.php?rest_route=\/wp\/v2\/pages\/1603"}],"wp:attachment":[{"href":"https:\/\/talencegymnastique.fr\/index.php?rest_route=%2Fwp%2Fv2%2Fmedia&parent=1609"}],"curies":[{"name":"wp","href":"https:\/\/api.w.org\/{rel}","templated":true}]}}

Résultats Saison 2023-2024 TeamGym

<p>La TeamGym au club cette année c&rsquo;est 7 équipes allant de la Fédéral B à la Nationale A. </p>



<p class="has-vivid-red-color has-text-color has-link-color wp-elements-651dad49e0cfd012e6bc9ba0ccfb3671"><em><strong>Maj 08/03/24</strong></em></p>



<p class="has-text-align-center has-vivid-red-color has-text-color has-link-color wp-elements-169200ed3a6ee065172b0fe5e8f1b5f4"><strong>Félicitations à nos équipes qui continuent leurs supers résultats!!!!</strong></p>



<p class="has-text-align-center has-luminous-vivid-amber-color has-black-background-color has-text-color has-background has-medium-font-size">Inter-Département &#8211; Bruges &#8211; 10 Février 2024 : <a href="https://talencegymnastique.fr/wp-content/uploads/2024/03/ID-TEAM.pdf">Cliquez-ici</a></p>



<figure class="wp-block-table is-style-stripes"><table class="has-background" style="background:linear-gradient(135deg,rgb(236,4,193) 0%,rgb(0,209,190) 100%)"><tbody><tr><td><em>Équipe</em></td><td class="has-text-align-left" data-align="left"><em>Résultat</em></td><td class="has-text-align-center" data-align="center"><em>Total point</em></td></tr><tr><td>Nationale A 12 ans et +</td><td class="has-text-align-left" data-align="left">1/1</td><td class="has-text-align-center" data-align="center">47.733</td></tr><tr><td>Nationale B Fem 12 ans et +</td><td class="has-text-align-left" data-align="left">/8</td><td class="has-text-align-center" data-align="center">52.433</td></tr><tr><td>Nationale C 10-15 ans</td><td class="has-text-align-left" data-align="left">1/1</td><td class="has-text-align-center" data-align="center">52.116</td></tr><tr><td>Fédéral A Adulte</td><td class="has-text-align-left" data-align="left">1/3</td><td class="has-text-align-center" data-align="center">51.683</td></tr><tr><td>Fédéral A Mixte 12 ans et +</td><td class="has-text-align-left" data-align="left">1/6</td><td class="has-text-align-center" data-align="center">51.250</td></tr><tr><td>Fédéral A 10/15 ans </td><td class="has-text-align-left" data-align="left">2/3</td><td class="has-text-align-center" data-align="center">46.400</td></tr><tr><td>Fédéral B 10/15 ans</td><td class="has-text-align-left" data-align="left">1/5</td><td class="has-text-align-center" data-align="center">47.800</td></tr></tbody></table></figure>



<hr class="wp-block-separator has-text-color has-black-color has-alpha-channel-opacity has-black-background-color has-background"/>



<p class="has-vivid-red-color has-text-color has-link-color wp-elements-c50653b92b81fcbacf5dcf7f55cc16c2"><em><strong>Maj 15/01/24</strong></em></p>



<p class="has-text-align-center has-vivid-red-color has-text-color has-link-color wp-elements-fc45d4137d2b4f325d318348442972c1"><strong>A la suite de cette première compétition, toutes nos équipes sont championnes départementales, FELICITATIONS</strong>!!!!!!</p>



<p class="has-text-align-center has-luminous-vivid-amber-color has-black-background-color has-text-color has-background has-medium-font-size">Département &#8211; Arcachon &#8211; 17 Décembre 2023 : <a href="https://talencegymnastique.fr/wp-content/uploads/2024/01/dep-team.pdf">Cliquez-ici</a></p>



<figure class="wp-block-table is-style-stripes"><table class="has-background" style="background:linear-gradient(135deg,rgb(236,4,193) 0%,rgb(0,209,190) 100%)"><tbody><tr><td><em>Équipe</em></td><td class="has-text-align-left" data-align="left"><em>Résultat</em></td><td class="has-text-align-center" data-align="center"><em>Total point</em></td></tr><tr><td>Nationale A 12 ans et +</td><td class="has-text-align-left" data-align="left">1/1</td><td class="has-text-align-center" data-align="center">48.466</td></tr><tr><td>Nationale B Fem 12 ans et +</td><td class="has-text-align-left" data-align="left">1/4</td><td class="has-text-align-center" data-align="center">50.083</td></tr><tr><td>Nationale C 10-15 ans</td><td class="has-text-align-left" data-align="left">1/1</td><td class="has-text-align-center" data-align="center">46.333</td></tr><tr><td>Fédéral A Adulte</td><td class="has-text-align-left" data-align="left">1/3</td><td class="has-text-align-center" data-align="center">52.499</td></tr><tr><td>Fédéral A Mixte 12 ans et +</td><td class="has-text-align-left" data-align="left">1/5</td><td class="has-text-align-center" data-align="center">48.433</td></tr><tr><td>Fédéral A 10/15 ans </td><td class="has-text-align-left" data-align="left">1/3</td><td class="has-text-align-center" data-align="center">48.766</td></tr><tr><td>Fédéral B 10/15 ans</td><td class="has-text-align-left" data-align="left">1/2</td><td class="has-text-align-center" data-align="center">44.233</td></tr></tbody></table></figure>

<p>La TeamGym au club cette année c&rsquo;est 7 équipes allant de la Fédéral B à la Nationale A. Maj 08/03/24 Félicitations à nos équipes qui continuent leurs supers résultats!!!! Inter-Département &#8211; Bruges &#8211; 10 Février 2024 : Cliquez-ici Équipe Résultat Total point Nationale A 12 ans et + 1/1 47.733 Nationale B Fem 12 ans &hellip; </p>
