{"id":1647,"date":"2024-01-15T19:04:51","date_gmt":"2024-01-15T18:04:51","guid":{"rendered":"https:\/\/talencegymnastique.fr\/?page_id=1647"},"modified":"2024-03-08T16:35:32","modified_gmt":"2024-03-08T15:35:32","slug":"resultats-saison-2023-2024-gaf-en-equipe","status":"publish","type":"page","link":"https:\/\/talencegymnastique.fr\/?page_id=1647","title":{"rendered":"R\u00e9sultats Saison 2023-2024 GAF en \u00e9quipe"},"content":{"rendered":"\n<p>Les r\u00e9sultats qui n&rsquo;apparaissent pas encore sont \u00e0 venir&#8230;.<\/p>\n\n\n\n<p class=\"has-vivid-red-color has-text-color has-link-color wp-elements-82072ad56516994cde653aef6f2c7a08\"><em><strong>Pour voir le d\u00e9tail de la comp\u00e9tition il faut cliquer sur : D\u00e9partement &#8211; Interd\u00e9partemental &#8211; R\u00e9gion &#8211; France<\/strong><\/em><\/p>\n\n\n\n<p class=\"has-text-align-center has-luminous-vivid-amber-color has-black-background-color has-text-color has-background has-medium-font-size\">F\u00e9d\u00e9ral A 10-13 ans : Cali &#8211; Louna &#8211; Cassandre &#8211; Phoebe &#8211; Julia<\/p>\n\n\n\n<figure class=\"wp-block-table is-style-stripes\"><table class=\"has-background\" style=\"background:linear-gradient(135deg,rgb(236,4,193) 0%,rgb(0,209,190) 100%)\"><tbody><tr><td><em>Comp\u00e9tition<\/em><\/td><td>Date<\/td><td>Lieu<\/td><td class=\"has-text-align-left\" data-align=\"left\"><em>R\u00e9sultat<\/em><\/td><td class=\"has-text-align-center\" data-align=\"center\"><em>Total point<\/em><\/td><\/tr><tr><td><a href=\"https:\/\/talencegymnastique.fr\/wp-content\/uploads\/2024\/02\/dep-fedareg-fedapetite.pdf\">D\u00e9partement<\/a><\/td><td>21\/01\/24<\/td><td>Arcachon<\/td><td class=\"has-text-align-left\" data-align=\"left\">5\/10<\/td><td class=\"has-text-align-center\" data-align=\"center\">132.000<\/td><\/tr><tr><td>InterD\u00e9partement<\/td><td><\/td><td><\/td><td class=\"has-text-align-left\" data-align=\"left\"><\/td><td class=\"has-text-align-center\" data-align=\"center\"><\/td><\/tr><tr><td>R\u00e9gion<\/td><td><\/td><td><\/td><td class=\"has-text-align-left\" data-align=\"left\"><\/td><td class=\"has-text-align-center\" data-align=\"center\"><\/td><\/tr><\/tbody><\/table><\/figure>\n\n\n\n<hr class=\"wp-block-separator has-text-color has-black-color has-alpha-channel-opacity has-black-background-color has-background\"\/>\n\n\n\n<p class=\"has-text-align-center has-luminous-vivid-amber-color has-black-background-color has-text-color has-background has-medium-font-size\">F\u00e9d\u00e9ral A 10 ans et + : Ma\u00eblle &#8211; Ana\u00efs &#8211; Morgane &#8211; Clara &#8211; Lucie<\/p>\n\n\n\n<figure class=\"wp-block-table is-style-stripes\"><table class=\"has-background\" style=\"background:linear-gradient(135deg,rgb(236,4,193) 0%,rgb(0,209,190) 100%)\"><tbody><tr><td><em>Comp\u00e9tition<\/em><\/td><td>Date<\/td><td>Lieu<\/td><td class=\"has-text-align-left\" data-align=\"left\"><em>R\u00e9sultat<\/em><\/td><td class=\"has-text-align-center\" data-align=\"center\"><em>Total point<\/em><\/td><\/tr><tr><td><a href=\"https:\/\/talencegymnastique.fr\/wp-content\/uploads\/2024\/01\/Dep-Equipe-FED-A-Grandes.pdf\">D\u00e9partement<\/a><\/td><td>16\/12\/23<\/td><td>Arcachon<\/td><td class=\"has-text-align-left\" data-align=\"left\">17\/19<\/td><td class=\"has-text-align-center\" data-align=\"center\">123.050<\/td><\/tr><tr><td>InterD\u00e9partement<\/td><td><\/td><td><\/td><td class=\"has-text-align-left\" data-align=\"left\"><\/td><td class=\"has-text-align-center\" data-align=\"center\"><\/td><\/tr><tr><td>R\u00e9gion<\/td><td><\/td><td><\/td><td class=\"has-text-align-left\" data-align=\"left\"><\/td><td class=\"has-text-align-center\" data-align=\"center\"><\/td><\/tr><\/tbody><\/table><\/figure>\n\n\n\n<hr class=\"wp-block-separator has-text-color has-black-color has-alpha-channel-opacity has-black-background-color has-background\"\/>\n\n\n\n<p class=\"has-text-align-center has-luminous-vivid-amber-color has-black-background-color has-text-color has-background has-medium-font-size\">F\u00e9d\u00e9ral A Reg 10 &#8211; 13 ans : Mah\u00e9a &#8211; C\u00e9leste &#8211; Nayla &#8211; Stella<\/p>\n\n\n\n<figure class=\"wp-block-table is-style-stripes\"><table class=\"has-background\" style=\"background:linear-gradient(135deg,rgb(236,4,193) 0%,rgb(0,209,190) 100%)\"><tbody><tr><td><em>Comp\u00e9tition<\/em><\/td><td>Date<\/td><td>Lieu<\/td><td class=\"has-text-align-left\" data-align=\"left\"><em>R\u00e9sultat<\/em><\/td><td class=\"has-text-align-center\" data-align=\"center\"><em>Total point<\/em><\/td><\/tr><tr><td><a href=\"https:\/\/talencegymnastique.fr\/wp-content\/uploads\/2024\/02\/dep-fedareg-fedapetite.pdf\">D\u00e9partement<\/a><\/td><td>21\/01\/24<\/td><td>Arcachon<\/td><td class=\"has-text-align-left\" data-align=\"left\">3\/26<\/td><td class=\"has-text-align-center\" data-align=\"center\">103.437<\/td><\/tr><tr><td>Finale InterD\u00e9partement<\/td><td><\/td><td><\/td><td class=\"has-text-align-left\" data-align=\"left\"><\/td><td class=\"has-text-align-center\" data-align=\"center\"><\/td><\/tr><\/tbody><\/table><\/figure>\n\n\n\n<hr class=\"wp-block-separator has-text-color has-black-color has-alpha-channel-opacity has-black-background-color has-background\"\/>\n\n\n\n<p class=\"has-text-align-center has-luminous-vivid-amber-color has-black-background-color has-text-color has-background has-medium-font-size\">F\u00e9d\u00e9ral A Reg 10 &#8211; 13 ans : Jos\u00e9phine &#8211; No\u00e9mie &#8211; Cl\u00e9mence &#8211; Najwa<\/p>\n\n\n\n<figure class=\"wp-block-table is-style-stripes\"><table class=\"has-background\" style=\"background:linear-gradient(135deg,rgb(236,4,193) 0%,rgb(0,209,190) 100%)\"><tbody><tr><td><em>Comp\u00e9tition<\/em><\/td><td>Date<\/td><td>Lieu<\/td><td class=\"has-text-align-left\" data-align=\"left\"><em>R\u00e9sultat<\/em><\/td><td class=\"has-text-align-center\" data-align=\"center\"><em>Total point<\/em><\/td><\/tr><tr><td><a href=\"https:\/\/talencegymnastique.fr\/wp-content\/uploads\/2024\/02\/dep-fedareg-fedapetite.pdf\">D\u00e9partement<\/a><\/td><td>21\/01\/24<\/td><td>Arcachon<\/td><td class=\"has-text-align-left\" data-align=\"left\">25\/26<\/td><td class=\"has-text-align-center\" data-align=\"center\">78.838<\/td><\/tr><tr><td>Finale D\u00e9partementale<\/td><td><\/td><td><\/td><td class=\"has-text-align-left\" data-align=\"left\"><\/td><td class=\"has-text-align-center\" data-align=\"center\"><\/td><\/tr><\/tbody><\/table><\/figure>\n\n\n\n<hr class=\"wp-block-separator has-text-color has-black-color has-alpha-channel-opacity has-black-background-color has-background\"\/>\n\n\n\n<p class=\"has-text-align-center has-luminous-vivid-amber-color has-black-background-color has-text-color has-background has-medium-font-size\">F\u00e9d\u00e9ral A Reg 10 ans et + : Romane &#8211; Diane &#8211; Alyssia &#8211; Emilie<\/p>\n\n\n\n<figure class=\"wp-block-table is-style-stripes\"><table class=\"has-background\" style=\"background:linear-gradient(135deg,rgb(236,4,193) 0%,rgb(0,209,190) 100%)\"><tbody><tr><td><em>Comp\u00e9tition<\/em><\/td><td>Date<\/td><td>Lieu<\/td><td class=\"has-text-align-left\" data-align=\"left\"><em>R\u00e9sultat<\/em><\/td><td class=\"has-text-align-center\" data-align=\"center\"><em>Total point<\/em><\/td><\/tr><tr><td><a href=\"https:\/\/talencegymnastique.fr\/wp-content\/uploads\/2024\/02\/dep-fedareg-fedapetite.pdf\">D\u00e9partement<\/a><\/td><td>21\/01\/24<\/td><td>Arcachon<\/td><td class=\"has-text-align-left\" data-align=\"left\">19\/29<\/td><td class=\"has-text-align-center\" data-align=\"center\">90.188<\/td><\/tr><tr><td>Finale D\u00e9partementale<\/td><td><\/td><td><\/td><td class=\"has-text-align-left\" data-align=\"left\"><\/td><td class=\"has-text-align-center\" data-align=\"center\"><\/td><\/tr><\/tbody><\/table><\/figure>\n\n\n\n<hr class=\"wp-block-separator has-text-color has-black-color has-alpha-channel-opacity has-black-background-color has-background\"\/>\n\n\n\n<p class=\"has-text-align-center has-luminous-vivid-amber-color has-black-background-color has-text-color has-background has-medium-font-size\">F\u00e9d\u00e9ral A Reg 14 ans et + : Mahaut &#8211; Johayna &#8211; Cl\u00e9mence &#8211; Madeleine<\/p>\n\n\n\n<figure class=\"wp-block-table is-style-stripes\"><table class=\"has-background\" style=\"background:linear-gradient(135deg,rgb(236,4,193) 0%,rgb(0,209,190) 100%)\"><tbody><tr><td><em>Comp\u00e9tition<\/em><\/td><td>Date<\/td><td>Lieu<\/td><td class=\"has-text-align-left\" data-align=\"left\"><em>R\u00e9sultat<\/em><\/td><td class=\"has-text-align-center\" data-align=\"center\"><em>Total point<\/em><\/td><\/tr><tr><td><a href=\"https:\/\/talencegymnastique.fr\/wp-content\/uploads\/2024\/02\/dep-fedareg-fedapetite.pdf\">D\u00e9partement<\/a><\/td><td>21\/01\/24<\/td><td>Arcachon<\/td><td class=\"has-text-align-left\" data-align=\"left\">5\/7<\/td><td class=\"has-text-align-center\" data-align=\"center\">93.735<\/td><\/tr><tr><td>Finale InterD\u00e9partement<\/td><td><\/td><td><\/td><td class=\"has-text-align-left\" data-align=\"left\"><\/td><td class=\"has-text-align-center\" data-align=\"center\"><\/td><\/tr><\/tbody><\/table><\/figure>\n\n\n\n<hr class=\"wp-block-separator has-text-color has-black-color has-alpha-channel-opacity has-black-background-color has-background\"\/>\n\n\n\n<p class=\"has-text-align-center has-luminous-vivid-amber-color has-black-background-color has-text-color has-background has-medium-font-size\">Performance R\u00e9gionale 10 et + : Celeste &#8211; Jeanne &#8211; Astrid -Eleonore &#8211; Lilli-Rose<\/p>\n\n\n\n<figure class=\"wp-block-table is-style-stripes\"><table class=\"has-background\" style=\"background:linear-gradient(135deg,rgb(236,4,193) 0%,rgb(0,209,190) 100%)\"><tbody><tr><td><em>Comp\u00e9tition<\/em><\/td><td>Date<\/td><td>Lieu<\/td><td class=\"has-text-align-left\" data-align=\"left\"><em>R\u00e9sultat<\/em><\/td><td class=\"has-text-align-center\" data-align=\"center\"><em>Total point<\/em><\/td><\/tr><tr><td>D\u00e9partement<\/td><td>17\/02\/24<\/td><td>La Teste<\/td><td class=\"has-text-align-left\" data-align=\"left\">3\/<\/td><td class=\"has-text-align-center\" data-align=\"center\"><\/td><\/tr><tr><td>Finale InterD\u00e9partement<\/td><td><\/td><td><\/td><td class=\"has-text-align-left\" data-align=\"left\"><\/td><td class=\"has-text-align-center\" data-align=\"center\"><\/td><\/tr><\/tbody><\/table><\/figure>\n\n\n\n<hr class=\"wp-block-separator has-text-color has-black-color has-alpha-channel-opacity has-black-background-color has-background\"\/>\n\n\n\n<p class=\"has-text-align-center has-luminous-vivid-amber-color has-black-background-color has-text-color has-background has-medium-font-size\">Performance R\u00e9gionale 10 et + : Dorine &#8211; Fanny &#8211; Alexia &#8211; Margaux<\/p>\n\n\n\n<figure class=\"wp-block-table is-style-stripes\"><table class=\"has-background\" style=\"background:linear-gradient(135deg,rgb(236,4,193) 0%,rgb(0,209,190) 100%)\"><tbody><tr><td><em>Comp\u00e9tition<\/em><\/td><td>Date<\/td><td>Lieu<\/td><td class=\"has-text-align-left\" data-align=\"left\"><em>R\u00e9sultat<\/em><\/td><td class=\"has-text-align-center\" data-align=\"center\"><em>Total point<\/em><\/td><\/tr><tr><td>D\u00e9partement<\/td><td>17\/02\/24<\/td><td>La Teste<\/td><td class=\"has-text-align-left\" data-align=\"left\"><\/td><td class=\"has-text-align-center\" data-align=\"center\"><\/td><\/tr><tr><td>Finale InterD\u00e9partement<\/td><td><\/td><td><\/td><td class=\"has-text-align-left\" data-align=\"left\"><\/td><td class=\"has-text-align-center\" data-align=\"center\"><\/td><\/tr><\/tbody><\/table><\/figure>\n","protected":false},"excerpt":{"rendered":"<p>Les r\u00e9sultats qui n&rsquo;apparaissent pas encore sont \u00e0 venir&#8230;. Pour voir le d\u00e9tail de la comp\u00e9tition il faut cliquer sur : D\u00e9partement &#8211; Interd\u00e9partemental &#8211; R\u00e9gion &#8211; France F\u00e9d\u00e9ral A 10-13 ans : Cali &#8211; Louna &#8211; Cassandre &#8211; Phoebe &#8211; Julia Comp\u00e9tition Date Lieu R\u00e9sultat Total point D\u00e9partement 21\/01\/24 Arcachon 5\/10 132.000 InterD\u00e9partement R\u00e9gion &hellip; <\/p>\n","protected":false},"author":1,"featured_media":0,"parent":1603,"menu_order":0,"comment_status":"closed","ping_status":"closed","template":"","meta":{"footnotes":""},"class_list":["post-1647","page","type-page","status-publish","hentry"],"jetpack_sharing_enabled":true,"_links":{"self":[{"href":"https:\/\/talencegymnastique.fr\/index.php?rest_route=\/wp\/v2\/pages\/1647","targetHints":{"allow":["GET"]}}],"collection":[{"href":"https:\/\/talencegymnastique.fr\/index.php?rest_route=\/wp\/v2\/pages"}],"about":[{"href":"https:\/\/talencegymnastique.fr\/index.php?rest_route=\/wp\/v2\/types\/page"}],"author":[{"embeddable":true,"href":"https:\/\/talencegymnastique.fr\/index.php?rest_route=\/wp\/v2\/users\/1"}],"replies":[{"embeddable":true,"href":"https:\/\/talencegymnastique.fr\/index.php?rest_route=%2Fwp%2Fv2%2Fcomments&post=1647"}],"version-history":[{"count":7,"href":"https:\/\/talencegymnastique.fr\/index.php?rest_route=\/wp\/v2\/pages\/1647\/revisions"}],"predecessor-version":[{"id":1701,"href":"https:\/\/talencegymnastique.fr\/index.php?rest_route=\/wp\/v2\/pages\/1647\/revisions\/1701"}],"up":[{"embeddable":true,"href":"https:\/\/talencegymnastique.fr\/index.php?rest_route=\/wp\/v2\/pages\/1603"}],"wp:attachment":[{"href":"https:\/\/talencegymnastique.fr\/index.php?rest_route=%2Fwp%2Fv2%2Fmedia&parent=1647"}],"curies":[{"name":"wp","href":"https:\/\/api.w.org\/{rel}","templated":true}]}}

Résultats Saison 2023-2024 GAF en équipe

<p>Les résultats qui n&rsquo;apparaissent pas encore sont à venir&#8230;.</p>



<p class="has-vivid-red-color has-text-color has-link-color wp-elements-82072ad56516994cde653aef6f2c7a08"><em><strong>Pour voir le détail de la compétition il faut cliquer sur : Département &#8211; Interdépartemental &#8211; Région &#8211; France</strong></em></p>



<p class="has-text-align-center has-luminous-vivid-amber-color has-black-background-color has-text-color has-background has-medium-font-size">Fédéral A 10-13 ans : Cali &#8211; Louna &#8211; Cassandre &#8211; Phoebe &#8211; Julia</p>



<figure class="wp-block-table is-style-stripes"><table class="has-background" style="background:linear-gradient(135deg,rgb(236,4,193) 0%,rgb(0,209,190) 100%)"><tbody><tr><td><em>Compétition</em></td><td>Date</td><td>Lieu</td><td class="has-text-align-left" data-align="left"><em>Résultat</em></td><td class="has-text-align-center" data-align="center"><em>Total point</em></td></tr><tr><td><a href="https://talencegymnastique.fr/wp-content/uploads/2024/02/dep-fedareg-fedapetite.pdf">Département</a></td><td>21/01/24</td><td>Arcachon</td><td class="has-text-align-left" data-align="left">5/10</td><td class="has-text-align-center" data-align="center">132.000</td></tr><tr><td>InterDépartement</td><td></td><td></td><td class="has-text-align-left" data-align="left"></td><td class="has-text-align-center" data-align="center"></td></tr><tr><td>Région</td><td></td><td></td><td class="has-text-align-left" data-align="left"></td><td class="has-text-align-center" data-align="center"></td></tr></tbody></table></figure>



<hr class="wp-block-separator has-text-color has-black-color has-alpha-channel-opacity has-black-background-color has-background"/>



<p class="has-text-align-center has-luminous-vivid-amber-color has-black-background-color has-text-color has-background has-medium-font-size">Fédéral A 10 ans et + : Maëlle &#8211; Anaïs &#8211; Morgane &#8211; Clara &#8211; Lucie</p>



<figure class="wp-block-table is-style-stripes"><table class="has-background" style="background:linear-gradient(135deg,rgb(236,4,193) 0%,rgb(0,209,190) 100%)"><tbody><tr><td><em>Compétition</em></td><td>Date</td><td>Lieu</td><td class="has-text-align-left" data-align="left"><em>Résultat</em></td><td class="has-text-align-center" data-align="center"><em>Total point</em></td></tr><tr><td><a href="https://talencegymnastique.fr/wp-content/uploads/2024/01/Dep-Equipe-FED-A-Grandes.pdf">Département</a></td><td>16/12/23</td><td>Arcachon</td><td class="has-text-align-left" data-align="left">17/19</td><td class="has-text-align-center" data-align="center">123.050</td></tr><tr><td>InterDépartement</td><td></td><td></td><td class="has-text-align-left" data-align="left"></td><td class="has-text-align-center" data-align="center"></td></tr><tr><td>Région</td><td></td><td></td><td class="has-text-align-left" data-align="left"></td><td class="has-text-align-center" data-align="center"></td></tr></tbody></table></figure>



<hr class="wp-block-separator has-text-color has-black-color has-alpha-channel-opacity has-black-background-color has-background"/>



<p class="has-text-align-center has-luminous-vivid-amber-color has-black-background-color has-text-color has-background has-medium-font-size">Fédéral A Reg 10 &#8211; 13 ans : Mahéa &#8211; Céleste &#8211; Nayla &#8211; Stella</p>



<figure class="wp-block-table is-style-stripes"><table class="has-background" style="background:linear-gradient(135deg,rgb(236,4,193) 0%,rgb(0,209,190) 100%)"><tbody><tr><td><em>Compétition</em></td><td>Date</td><td>Lieu</td><td class="has-text-align-left" data-align="left"><em>Résultat</em></td><td class="has-text-align-center" data-align="center"><em>Total point</em></td></tr><tr><td><a href="https://talencegymnastique.fr/wp-content/uploads/2024/02/dep-fedareg-fedapetite.pdf">Département</a></td><td>21/01/24</td><td>Arcachon</td><td class="has-text-align-left" data-align="left">3/26</td><td class="has-text-align-center" data-align="center">103.437</td></tr><tr><td>Finale InterDépartement</td><td></td><td></td><td class="has-text-align-left" data-align="left"></td><td class="has-text-align-center" data-align="center"></td></tr></tbody></table></figure>



<hr class="wp-block-separator has-text-color has-black-color has-alpha-channel-opacity has-black-background-color has-background"/>



<p class="has-text-align-center has-luminous-vivid-amber-color has-black-background-color has-text-color has-background has-medium-font-size">Fédéral A Reg 10 &#8211; 13 ans : Joséphine &#8211; Noémie &#8211; Clémence &#8211; Najwa</p>



<figure class="wp-block-table is-style-stripes"><table class="has-background" style="background:linear-gradient(135deg,rgb(236,4,193) 0%,rgb(0,209,190) 100%)"><tbody><tr><td><em>Compétition</em></td><td>Date</td><td>Lieu</td><td class="has-text-align-left" data-align="left"><em>Résultat</em></td><td class="has-text-align-center" data-align="center"><em>Total point</em></td></tr><tr><td><a href="https://talencegymnastique.fr/wp-content/uploads/2024/02/dep-fedareg-fedapetite.pdf">Département</a></td><td>21/01/24</td><td>Arcachon</td><td class="has-text-align-left" data-align="left">25/26</td><td class="has-text-align-center" data-align="center">78.838</td></tr><tr><td>Finale Départementale</td><td></td><td></td><td class="has-text-align-left" data-align="left"></td><td class="has-text-align-center" data-align="center"></td></tr></tbody></table></figure>



<hr class="wp-block-separator has-text-color has-black-color has-alpha-channel-opacity has-black-background-color has-background"/>



<p class="has-text-align-center has-luminous-vivid-amber-color has-black-background-color has-text-color has-background has-medium-font-size">Fédéral A Reg 10 ans et + : Romane &#8211; Diane &#8211; Alyssia &#8211; Emilie</p>



<figure class="wp-block-table is-style-stripes"><table class="has-background" style="background:linear-gradient(135deg,rgb(236,4,193) 0%,rgb(0,209,190) 100%)"><tbody><tr><td><em>Compétition</em></td><td>Date</td><td>Lieu</td><td class="has-text-align-left" data-align="left"><em>Résultat</em></td><td class="has-text-align-center" data-align="center"><em>Total point</em></td></tr><tr><td><a href="https://talencegymnastique.fr/wp-content/uploads/2024/02/dep-fedareg-fedapetite.pdf">Département</a></td><td>21/01/24</td><td>Arcachon</td><td class="has-text-align-left" data-align="left">19/29</td><td class="has-text-align-center" data-align="center">90.188</td></tr><tr><td>Finale Départementale</td><td></td><td></td><td class="has-text-align-left" data-align="left"></td><td class="has-text-align-center" data-align="center"></td></tr></tbody></table></figure>



<hr class="wp-block-separator has-text-color has-black-color has-alpha-channel-opacity has-black-background-color has-background"/>



<p class="has-text-align-center has-luminous-vivid-amber-color has-black-background-color has-text-color has-background has-medium-font-size">Fédéral A Reg 14 ans et + : Mahaut &#8211; Johayna &#8211; Clémence &#8211; Madeleine</p>



<figure class="wp-block-table is-style-stripes"><table class="has-background" style="background:linear-gradient(135deg,rgb(236,4,193) 0%,rgb(0,209,190) 100%)"><tbody><tr><td><em>Compétition</em></td><td>Date</td><td>Lieu</td><td class="has-text-align-left" data-align="left"><em>Résultat</em></td><td class="has-text-align-center" data-align="center"><em>Total point</em></td></tr><tr><td><a href="https://talencegymnastique.fr/wp-content/uploads/2024/02/dep-fedareg-fedapetite.pdf">Département</a></td><td>21/01/24</td><td>Arcachon</td><td class="has-text-align-left" data-align="left">5/7</td><td class="has-text-align-center" data-align="center">93.735</td></tr><tr><td>Finale InterDépartement</td><td></td><td></td><td class="has-text-align-left" data-align="left"></td><td class="has-text-align-center" data-align="center"></td></tr></tbody></table></figure>



<hr class="wp-block-separator has-text-color has-black-color has-alpha-channel-opacity has-black-background-color has-background"/>



<p class="has-text-align-center has-luminous-vivid-amber-color has-black-background-color has-text-color has-background has-medium-font-size">Performance Régionale 10 et + : Celeste &#8211; Jeanne &#8211; Astrid -Eleonore &#8211; Lilli-Rose</p>



<figure class="wp-block-table is-style-stripes"><table class="has-background" style="background:linear-gradient(135deg,rgb(236,4,193) 0%,rgb(0,209,190) 100%)"><tbody><tr><td><em>Compétition</em></td><td>Date</td><td>Lieu</td><td class="has-text-align-left" data-align="left"><em>Résultat</em></td><td class="has-text-align-center" data-align="center"><em>Total point</em></td></tr><tr><td>Département</td><td>17/02/24</td><td>La Teste</td><td class="has-text-align-left" data-align="left">3/</td><td class="has-text-align-center" data-align="center"></td></tr><tr><td>Finale InterDépartement</td><td></td><td></td><td class="has-text-align-left" data-align="left"></td><td class="has-text-align-center" data-align="center"></td></tr></tbody></table></figure>



<hr class="wp-block-separator has-text-color has-black-color has-alpha-channel-opacity has-black-background-color has-background"/>



<p class="has-text-align-center has-luminous-vivid-amber-color has-black-background-color has-text-color has-background has-medium-font-size">Performance Régionale 10 et + : Dorine &#8211; Fanny &#8211; Alexia &#8211; Margaux</p>



<figure class="wp-block-table is-style-stripes"><table class="has-background" style="background:linear-gradient(135deg,rgb(236,4,193) 0%,rgb(0,209,190) 100%)"><tbody><tr><td><em>Compétition</em></td><td>Date</td><td>Lieu</td><td class="has-text-align-left" data-align="left"><em>Résultat</em></td><td class="has-text-align-center" data-align="center"><em>Total point</em></td></tr><tr><td>Département</td><td>17/02/24</td><td>La Teste</td><td class="has-text-align-left" data-align="left"></td><td class="has-text-align-center" data-align="center"></td></tr><tr><td>Finale InterDépartement</td><td></td><td></td><td class="has-text-align-left" data-align="left"></td><td class="has-text-align-center" data-align="center"></td></tr></tbody></table></figure>

<p>Les résultats qui n&rsquo;apparaissent pas encore sont à venir&#8230;. Pour voir le détail de la compétition il faut cliquer sur : Département &#8211; Interdépartemental &#8211; Région &#8211; France Fédéral A 10-13 ans : Cali &#8211; Louna &#8211; Cassandre &#8211; Phoebe &#8211; Julia Compétition Date Lieu Résultat Total point Département 21/01/24 Arcachon 5/10 132.000 InterDépartement Région &hellip; </p>
