{"id":1682,"date":"2024-03-05T16:56:38","date_gmt":"2024-03-05T15:56:38","guid":{"rendered":"https:\/\/talencegymnastique.fr\/?page_id=1682"},"modified":"2024-03-08T16:13:04","modified_gmt":"2024-03-08T15:13:04","slug":"resultats-saison-2023-2024-gam-en-equipe","status":"publish","type":"page","link":"https:\/\/talencegymnastique.fr\/?page_id=1682","title":{"rendered":"R\u00e9sultats Saison 2023-2024 GAM en \u00e9quipe"},"content":{"rendered":"\n<p>Les r\u00e9sultats qui n&rsquo;apparaissent pas encore sont \u00e0 venir&#8230;.<\/p>\n\n\n\n<p class=\"has-vivid-red-color has-text-color has-link-color wp-elements-6c150bbdfd76b6c4f4c4a4e175e1eb85\"><em><strong>Pour voir le d\u00e9tail de la comp\u00e9tition il faut cliquer sur : D\u00e9partement &#8211; Interd\u00e9partemental &#8211; R\u00e9gion<\/strong><\/em><\/p>\n\n\n\n<p class=\"has-text-align-center has-luminous-vivid-amber-color has-black-background-color has-text-color has-background has-medium-font-size\">Performance R\u00e9gional 7-9 ans : Lilian &#8211; Robin &#8211; Alban<\/p>\n\n\n\n<figure class=\"wp-block-table is-style-stripes\"><table class=\"has-background\" style=\"background:linear-gradient(135deg,rgb(236,4,193) 0%,rgb(0,209,190) 100%)\"><tbody><tr><td><em>Comp\u00e9tition<\/em><\/td><td>Date<\/td><td>Lieu<\/td><td class=\"has-text-align-left\" data-align=\"left\"><em>R\u00e9sultat<\/em><\/td><td class=\"has-text-align-center\" data-align=\"center\"><em>Total point<\/em><\/td><\/tr><tr><td><a href=\"https:\/\/talencegymnastique.fr\/wp-content\/uploads\/2024\/03\/Dep-Perf-Reg-7-9-GAM.pdf\">D\u00e9partement<\/a><\/td><td>17\/02\/24<\/td><td>La Teste<\/td><td class=\"has-text-align-left\" data-align=\"left\">4\/4<\/td><td class=\"has-text-align-center\" data-align=\"center\"><\/td><\/tr><tr><td>InterD\u00e9partement<\/td><td><\/td><td><\/td><td class=\"has-text-align-left\" data-align=\"left\"><\/td><td class=\"has-text-align-center\" data-align=\"center\"><\/td><\/tr><tr><td>R\u00e9gion<\/td><td><\/td><td><\/td><td class=\"has-text-align-left\" data-align=\"left\"><\/td><td class=\"has-text-align-center\" data-align=\"center\"><\/td><\/tr><\/tbody><\/table><\/figure>\n\n\n\n<hr class=\"wp-block-separator has-text-color has-black-color has-alpha-channel-opacity has-black-background-color has-background\"\/>\n\n\n\n<p class=\"has-text-align-center has-luminous-vivid-amber-color has-black-background-color has-text-color has-background has-medium-font-size\">F\u00e9d\u00e9ral B 7-9 ans : Loan &#8211; Nathan &#8211; Pharell &#8211; Marceau<\/p>\n\n\n\n<figure class=\"wp-block-table is-style-stripes\"><table class=\"has-background\" style=\"background:linear-gradient(135deg,rgb(236,4,193) 0%,rgb(0,209,190) 100%)\"><tbody><tr><td><em>Comp\u00e9tition<\/em><\/td><td>Date<\/td><td>Lieu<\/td><td class=\"has-text-align-left\" data-align=\"left\"><em>R\u00e9sultat<\/em><\/td><td class=\"has-text-align-center\" data-align=\"center\"><em>Total point<\/em><\/td><\/tr><tr><td><a href=\"https:\/\/talencegymnastique.fr\/wp-content\/uploads\/2024\/03\/Dep-Fed-B-7-9-GAM.pdf\">D\u00e9partement<\/a><\/td><td>17\/02\/24<\/td><td>La Teste<\/td><td class=\"has-text-align-left\" data-align=\"left\">4\/4<\/td><td class=\"has-text-align-center\" data-align=\"center\"><\/td><\/tr><tr><td>InterD\u00e9partement<\/td><td><\/td><td><\/td><td class=\"has-text-align-left\" data-align=\"left\"><\/td><td class=\"has-text-align-center\" data-align=\"center\"><\/td><\/tr><\/tbody><\/table><\/figure>\n\n\n\n<hr class=\"wp-block-separator has-text-color has-black-color has-alpha-channel-opacity has-black-background-color has-background\"\/>\n\n\n\n<p class=\"has-text-align-center has-luminous-vivid-amber-color has-black-background-color has-text-color has-background has-medium-font-size\">F\u00e9d\u00e9ral B 10-12 ans : Jules &#8211; Aeden &#8211; Enzo &#8211; Lucas<\/p>\n\n\n\n<figure class=\"wp-block-table is-style-stripes\"><table class=\"has-background\" style=\"background:linear-gradient(135deg,rgb(236,4,193) 0%,rgb(0,209,190) 100%)\"><tbody><tr><td><em>Comp\u00e9tition<\/em><\/td><td>Date<\/td><td>Lieu<\/td><td class=\"has-text-align-left\" data-align=\"left\"><em>R\u00e9sultat<\/em><\/td><td class=\"has-text-align-center\" data-align=\"center\"><em>Total point<\/em><\/td><\/tr><tr><td><a href=\"https:\/\/talencegymnastique.fr\/wp-content\/uploads\/2024\/03\/Dep-Fed-B-10-12-GAM.pdf\">D\u00e9partement<\/a><\/td><td>17\/02\/24<\/td><td>La Teste<\/td><td class=\"has-text-align-left\" data-align=\"left\">3\/3<\/td><td class=\"has-text-align-center\" data-align=\"center\"><\/td><\/tr><tr><td>Finale InterD\u00e9partement<\/td><td><\/td><td><\/td><td class=\"has-text-align-left\" data-align=\"left\"><\/td><td class=\"has-text-align-center\" data-align=\"center\"><\/td><\/tr><\/tbody><\/table><\/figure>\n","protected":false},"excerpt":{"rendered":"<p>Les r\u00e9sultats qui n&rsquo;apparaissent pas encore sont \u00e0 venir&#8230;. Pour voir le d\u00e9tail de la comp\u00e9tition il faut cliquer sur : D\u00e9partement &#8211; Interd\u00e9partemental &#8211; R\u00e9gion Performance R\u00e9gional 7-9 ans : Lilian &#8211; Robin &#8211; Alban Comp\u00e9tition Date Lieu R\u00e9sultat Total point D\u00e9partement 17\/02\/24 La Teste 4\/4 InterD\u00e9partement R\u00e9gion F\u00e9d\u00e9ral B 7-9 ans : Loan &hellip; <\/p>\n","protected":false},"author":1,"featured_media":0,"parent":0,"menu_order":0,"comment_status":"closed","ping_status":"closed","template":"","meta":{"footnotes":""},"class_list":["post-1682","page","type-page","status-publish","hentry"],"jetpack_sharing_enabled":true,"_links":{"self":[{"href":"https:\/\/talencegymnastique.fr\/index.php?rest_route=\/wp\/v2\/pages\/1682","targetHints":{"allow":["GET"]}}],"collection":[{"href":"https:\/\/talencegymnastique.fr\/index.php?rest_route=\/wp\/v2\/pages"}],"about":[{"href":"https:\/\/talencegymnastique.fr\/index.php?rest_route=\/wp\/v2\/types\/page"}],"author":[{"embeddable":true,"href":"https:\/\/talencegymnastique.fr\/index.php?rest_route=\/wp\/v2\/users\/1"}],"replies":[{"embeddable":true,"href":"https:\/\/talencegymnastique.fr\/index.php?rest_route=%2Fwp%2Fv2%2Fcomments&post=1682"}],"version-history":[{"count":2,"href":"https:\/\/talencegymnastique.fr\/index.php?rest_route=\/wp\/v2\/pages\/1682\/revisions"}],"predecessor-version":[{"id":1689,"href":"https:\/\/talencegymnastique.fr\/index.php?rest_route=\/wp\/v2\/pages\/1682\/revisions\/1689"}],"wp:attachment":[{"href":"https:\/\/talencegymnastique.fr\/index.php?rest_route=%2Fwp%2Fv2%2Fmedia&parent=1682"}],"curies":[{"name":"wp","href":"https:\/\/api.w.org\/{rel}","templated":true}]}}

Résultats Saison 2023-2024 GAM en équipe

<p>Les résultats qui n&rsquo;apparaissent pas encore sont à venir&#8230;.</p>



<p class="has-vivid-red-color has-text-color has-link-color wp-elements-6c150bbdfd76b6c4f4c4a4e175e1eb85"><em><strong>Pour voir le détail de la compétition il faut cliquer sur : Département &#8211; Interdépartemental &#8211; Région</strong></em></p>



<p class="has-text-align-center has-luminous-vivid-amber-color has-black-background-color has-text-color has-background has-medium-font-size">Performance Régional 7-9 ans : Lilian &#8211; Robin &#8211; Alban</p>



<figure class="wp-block-table is-style-stripes"><table class="has-background" style="background:linear-gradient(135deg,rgb(236,4,193) 0%,rgb(0,209,190) 100%)"><tbody><tr><td><em>Compétition</em></td><td>Date</td><td>Lieu</td><td class="has-text-align-left" data-align="left"><em>Résultat</em></td><td class="has-text-align-center" data-align="center"><em>Total point</em></td></tr><tr><td><a href="https://talencegymnastique.fr/wp-content/uploads/2024/03/Dep-Perf-Reg-7-9-GAM.pdf">Département</a></td><td>17/02/24</td><td>La Teste</td><td class="has-text-align-left" data-align="left">4/4</td><td class="has-text-align-center" data-align="center"></td></tr><tr><td>InterDépartement</td><td></td><td></td><td class="has-text-align-left" data-align="left"></td><td class="has-text-align-center" data-align="center"></td></tr><tr><td>Région</td><td></td><td></td><td class="has-text-align-left" data-align="left"></td><td class="has-text-align-center" data-align="center"></td></tr></tbody></table></figure>



<hr class="wp-block-separator has-text-color has-black-color has-alpha-channel-opacity has-black-background-color has-background"/>



<p class="has-text-align-center has-luminous-vivid-amber-color has-black-background-color has-text-color has-background has-medium-font-size">Fédéral B 7-9 ans : Loan &#8211; Nathan &#8211; Pharell &#8211; Marceau</p>



<figure class="wp-block-table is-style-stripes"><table class="has-background" style="background:linear-gradient(135deg,rgb(236,4,193) 0%,rgb(0,209,190) 100%)"><tbody><tr><td><em>Compétition</em></td><td>Date</td><td>Lieu</td><td class="has-text-align-left" data-align="left"><em>Résultat</em></td><td class="has-text-align-center" data-align="center"><em>Total point</em></td></tr><tr><td><a href="https://talencegymnastique.fr/wp-content/uploads/2024/03/Dep-Fed-B-7-9-GAM.pdf">Département</a></td><td>17/02/24</td><td>La Teste</td><td class="has-text-align-left" data-align="left">4/4</td><td class="has-text-align-center" data-align="center"></td></tr><tr><td>InterDépartement</td><td></td><td></td><td class="has-text-align-left" data-align="left"></td><td class="has-text-align-center" data-align="center"></td></tr></tbody></table></figure>



<hr class="wp-block-separator has-text-color has-black-color has-alpha-channel-opacity has-black-background-color has-background"/>



<p class="has-text-align-center has-luminous-vivid-amber-color has-black-background-color has-text-color has-background has-medium-font-size">Fédéral B 10-12 ans : Jules &#8211; Aeden &#8211; Enzo &#8211; Lucas</p>



<figure class="wp-block-table is-style-stripes"><table class="has-background" style="background:linear-gradient(135deg,rgb(236,4,193) 0%,rgb(0,209,190) 100%)"><tbody><tr><td><em>Compétition</em></td><td>Date</td><td>Lieu</td><td class="has-text-align-left" data-align="left"><em>Résultat</em></td><td class="has-text-align-center" data-align="center"><em>Total point</em></td></tr><tr><td><a href="https://talencegymnastique.fr/wp-content/uploads/2024/03/Dep-Fed-B-10-12-GAM.pdf">Département</a></td><td>17/02/24</td><td>La Teste</td><td class="has-text-align-left" data-align="left">3/3</td><td class="has-text-align-center" data-align="center"></td></tr><tr><td>Finale InterDépartement</td><td></td><td></td><td class="has-text-align-left" data-align="left"></td><td class="has-text-align-center" data-align="center"></td></tr></tbody></table></figure>

<p>Les résultats qui n&rsquo;apparaissent pas encore sont à venir&#8230;. Pour voir le détail de la compétition il faut cliquer sur : Département &#8211; Interdépartemental &#8211; Région Performance Régional 7-9 ans : Lilian &#8211; Robin &#8211; Alban Compétition Date Lieu Résultat Total point Département 17/02/24 La Teste 4/4 InterDépartement Région Fédéral B 7-9 ans : Loan &hellip; </p>
