{"id":484,"date":"2020-10-08T13:55:29","date_gmt":"2020-10-08T11:55:29","guid":{"rendered":"https:\/\/talencegymnastique.fr\/?page_id=484"},"modified":"2021-08-19T14:55:31","modified_gmt":"2021-08-19T12:55:31","slug":"protocole-sanitaire-covid-19","status":"publish","type":"page","link":"https:\/\/talencegymnastique.fr\/?page_id=484","title":{"rendered":"Protocole Sanitaire \/ COVID-19"},"content":{"rendered":"\n<p><strong><span class=\"has-inline-color has-vivid-red-color\">Mise \u00e0 jour du protocole sanitaire 19 Ao\u00fbt 2021 <\/span><\/strong><\/p>\n\n\n\n<p class=\"has-luminous-vivid-amber-color has-black-background-color has-text-color has-background\"><strong>Public Majeur : A partir du 9 Ao\u00fbt 2021 : <\/strong><br>Pr\u00e9sentation obligatoire du <strong>PASS SANITAIRE<\/strong> en num\u00e9rique ou en papier :<\/p>\n\n\n\n<ul class=\"wp-block-list\"><li>Sch\u00e9ma vaccinal complet<\/li><li>Test n\u00e9gatif de moins de 72h <\/li><li>Preuve qu&rsquo;on a \u00e9t\u00e9 contamin\u00e9 et que l&rsquo;on a gu\u00e9ri du COVID-19 : test positif d&rsquo;au moins 11 jours et de moins de 6 mois<\/li><\/ul>\n\n\n\n<p class=\"has-luminous-vivid-amber-color has-black-background-color has-text-color has-background\"><strong>Public Mineur (entre 12 et 17 ans) : A partir du 30 Septembre 2021 : <\/strong><br>Pr\u00e9sentation obligatoire du <strong>PASS SANITAIRE<\/strong> en num\u00e9rique ou en papier :<\/p>\n\n\n\n<ul class=\"wp-block-list\"><li>Sch\u00e9ma vaccinal complet<\/li><li>Test n\u00e9gatif de moins de 72h <\/li><li>Preuve qu&rsquo;on a \u00e9t\u00e9 contamin\u00e9 et que l&rsquo;on a gu\u00e9ri du COVID-19 : test positif d&rsquo;au moins 11 jours et de moins de 6 mois<\/li><\/ul>\n\n\n\n<p class=\"has-vivid-red-color has-text-color\"><strong>Archive saison 2020-2021<\/strong><\/p>\n\n\n\n<p>Le club suit de pr\u00e8s les recommandations de la mairie , du minist\u00e8re des Sports et du minist\u00e8re de la Sant\u00e9. Un protocole sanitaire est mis en place lors de l&rsquo;arriv\u00e9e des gymnastes , pendant et apr\u00e8s leur entrainement. Celui \u00e9volue constamment. <\/p>\n\n\n\n<p>DEROULE DES ENTRAINEMENTS  &gt; <a href=\"https:\/\/talencegymnastique.fr\/wp-content\/uploads\/2020\/10\/PROTOCOLE-COVID-Entraineurs-Marche-\u00e0-Suivre.pdf\">Cliquez ici <\/a><\/p>\n\n\n\n<p>PROTOCOLE COMPLET  \/ Aout 2020 &gt; <a href=\"https:\/\/talencegymnastique.fr\/wp-content\/uploads\/2020\/10\/MAIL-ADHERENTS-Protocole-GYM-EN-INTERIEUR-AOUT-2020.pdf\">Cliquez ici<\/a><\/p>\n","protected":false},"excerpt":{"rendered":"<p>Mise \u00e0 jour du protocole sanitaire 19 Ao\u00fbt 2021 Public Majeur : A partir du 9 Ao\u00fbt 2021 : Pr\u00e9sentation obligatoire du PASS SANITAIRE en num\u00e9rique ou en papier : Sch\u00e9ma vaccinal complet Test n\u00e9gatif de moins de 72h Preuve qu&rsquo;on a \u00e9t\u00e9 contamin\u00e9 et que l&rsquo;on a gu\u00e9ri du COVID-19 : test positif d&rsquo;au &hellip; <\/p>\n","protected":false},"author":2,"featured_media":0,"parent":0,"menu_order":0,"comment_status":"closed","ping_status":"closed","template":"","meta":{"footnotes":""},"class_list":["post-484","page","type-page","status-publish","hentry"],"jetpack_sharing_enabled":true,"_links":{"self":[{"href":"https:\/\/talencegymnastique.fr\/index.php?rest_route=\/wp\/v2\/pages\/484","targetHints":{"allow":["GET"]}}],"collection":[{"href":"https:\/\/talencegymnastique.fr\/index.php?rest_route=\/wp\/v2\/pages"}],"about":[{"href":"https:\/\/talencegymnastique.fr\/index.php?rest_route=\/wp\/v2\/types\/page"}],"author":[{"embeddable":true,"href":"https:\/\/talencegymnastique.fr\/index.php?rest_route=\/wp\/v2\/users\/2"}],"replies":[{"embeddable":true,"href":"https:\/\/talencegymnastique.fr\/index.php?rest_route=%2Fwp%2Fv2%2Fcomments&post=484"}],"version-history":[{"count":2,"href":"https:\/\/talencegymnastique.fr\/index.php?rest_route=\/wp\/v2\/pages\/484\/revisions"}],"predecessor-version":[{"id":794,"href":"https:\/\/talencegymnastique.fr\/index.php?rest_route=\/wp\/v2\/pages\/484\/revisions\/794"}],"wp:attachment":[{"href":"https:\/\/talencegymnastique.fr\/index.php?rest_route=%2Fwp%2Fv2%2Fmedia&parent=484"}],"curies":[{"name":"wp","href":"https:\/\/api.w.org\/{rel}","templated":true}]}}

<p><strong><span class="has-inline-color has-vivid-red-color">Mise à jour du protocole sanitaire 19 Août 2021 </span></strong></p>



<p class="has-luminous-vivid-amber-color has-black-background-color has-text-color has-background"><strong>Public Majeur : A partir du 9 Août 2021 : </strong><br>Présentation obligatoire du <strong>PASS SANITAIRE</strong> en numérique ou en papier :</p>



<ul class="wp-block-list"><li>Schéma vaccinal complet</li><li>Test négatif de moins de 72h </li><li>Preuve qu&rsquo;on a été contaminé et que l&rsquo;on a guéri du COVID-19 : test positif d&rsquo;au moins 11 jours et de moins de 6 mois</li></ul>



<p class="has-luminous-vivid-amber-color has-black-background-color has-text-color has-background"><strong>Public Mineur (entre 12 et 17 ans) : A partir du 30 Septembre 2021 : </strong><br>Présentation obligatoire du <strong>PASS SANITAIRE</strong> en numérique ou en papier :</p>



<ul class="wp-block-list"><li>Schéma vaccinal complet</li><li>Test négatif de moins de 72h </li><li>Preuve qu&rsquo;on a été contaminé et que l&rsquo;on a guéri du COVID-19 : test positif d&rsquo;au moins 11 jours et de moins de 6 mois</li></ul>



<p class="has-vivid-red-color has-text-color"><strong>Archive saison 2020-2021</strong></p>



<p>Le club suit de près les recommandations de la mairie , du ministère des Sports et du ministère de la Santé. Un protocole sanitaire est mis en place lors de l&rsquo;arrivée des gymnastes , pendant et après leur entrainement. Celui évolue constamment. </p>



<p>DEROULE DES ENTRAINEMENTS  &gt; <a href="https://talencegymnastique.fr/wp-content/uploads/2020/10/PROTOCOLE-COVID-Entraineurs-Marche-à-Suivre.pdf">Cliquez ici </a></p>



<p>PROTOCOLE COMPLET  / Aout 2020 &gt; <a href="https://talencegymnastique.fr/wp-content/uploads/2020/10/MAIL-ADHERENTS-Protocole-GYM-EN-INTERIEUR-AOUT-2020.pdf">Cliquez ici</a></p>

<p>Mise à jour du protocole sanitaire 19 Août 2021 Public Majeur : A partir du 9 Août 2021 : Présentation obligatoire du PASS SANITAIRE en numérique ou en papier : Schéma vaccinal complet Test négatif de moins de 72h Preuve qu&rsquo;on a été contaminé et que l&rsquo;on a guéri du COVID-19 : test positif d&rsquo;au &hellip; </p>
