{"id":822,"date":"2022-01-24T23:48:09","date_gmt":"2022-01-24T22:48:09","guid":{"rendered":"https:\/\/talencegymnastique.fr\/?page_id=822"},"modified":"2022-01-26T12:43:42","modified_gmt":"2022-01-26T11:43:42","slug":"departement-equipe-federal-a-arcachon-15-16-janvier","status":"publish","type":"page","link":"https:\/\/talencegymnastique.fr\/?page_id=822","title":{"rendered":"D\u00e9partement \u00c9quipe F\u00e9d\u00e9ral A Arcachon 15\/16 Janvier"},"content":{"rendered":"\n<div class=\"wp-block-columns is-layout-flex wp-container-core-columns-is-layout-9d6595d7 wp-block-columns-is-layout-flex\">\n<div class=\"wp-block-column is-layout-flow wp-block-column-is-layout-flow\" style=\"flex-basis:100%\">\n<p class=\"has-text-align-center has-luminous-vivid-amber-color has-black-background-color has-text-color has-background has-medium-font-size\"><strong>R\u00e9sultats<\/strong><\/p>\n\n\n\n<figure class=\"wp-block-table is-style-stripes\"><table class=\"has-background\" style=\"background:linear-gradient(135deg,rgb(236,4,193) 0%,rgb(0,209,190) 100%)\"><tbody><tr><td><em>\u00c9quipe<\/em><\/td><td class=\"has-text-align-left\" data-align=\"left\"><em>R\u00e9sultat<\/em><\/td><td class=\"has-text-align-center\" data-align=\"center\"><em>Total point<\/em><\/td><td class=\"has-text-align-center\" data-align=\"center\"><em>D\u00e9tail<\/em><\/td><\/tr><tr><td>F\u00e9d\u00e9ral A reg 10-11 ans<\/td><td class=\"has-text-align-left\" data-align=\"left\">7\/8<\/td><td class=\"has-text-align-center\" data-align=\"center\">83.950<\/td><td class=\"has-text-align-center\" data-align=\"center\"><a href=\"https:\/\/talencegymnastique.fr\/wp-content\/uploads\/2022\/01\/FEDA_reg_10_11.pdf\">Voir<\/a><\/td><\/tr><tr><td>F\u00e9d\u00e9ral A reg 10 ans et + <\/td><td class=\"has-text-align-left\" data-align=\"left\">12\/17<\/td><td class=\"has-text-align-center\" data-align=\"center\">79.300<\/td><td class=\"has-text-align-center\" data-align=\"center\"><a href=\"https:\/\/talencegymnastique.fr\/wp-content\/uploads\/2022\/01\/FEDA_reg_10.pdf\">Voir<\/a> <\/td><\/tr><tr><td>F\u00e9d\u00e9ral A reg 14 ans et +  <\/td><td class=\"has-text-align-left\" data-align=\"left\">4\/14<\/td><td class=\"has-text-align-center\" data-align=\"center\">99.750<\/td><td class=\"has-text-align-center\" data-align=\"center\"><a href=\"https:\/\/talencegymnastique.fr\/wp-content\/uploads\/2022\/01\/FEDA_reg_14.pdf\">Voir<\/a> <\/td><\/tr><tr><td>F\u00e9d\u00e9ral A 14 ans et + <\/td><td class=\"has-text-align-left\" data-align=\"left\">4\/8<\/td><td class=\"has-text-align-center\" data-align=\"center\">139.900<\/td><td class=\"has-text-align-center\" data-align=\"center\"><a href=\"https:\/\/talencegymnastique.fr\/wp-content\/uploads\/2022\/01\/FEDA_14.pdf\" data-type=\"URL\" data-id=\"https:\/\/talencegymnastique.fr\/wp-content\/uploads\/2022\/01\/FEDA_14.pdf\">Voir<\/a> <\/td><\/tr><\/tbody><\/table><\/figure>\n<\/div>\n<\/div>\n\n\n\n<p class=\"has-text-align-center has-luminous-vivid-amber-color has-black-background-color has-text-color has-background has-medium-font-size\"><strong>Photos de la comp\u00e9tition<\/strong><\/p>\n\n\n\n<script src=\"https:\/\/cdn.jsdelivr.net\/npm\/publicalbum@latest\/embed-ui.min.js\" async=\"\"><\/script>\n<div class=\"pa-carousel-widget\" style=\"width:100%; height:480px; display:none;\" data-link=\"https:\/\/photos.app.goo.gl\/FQDTaFb56YGbWHSP6\" data-title=\"D\u00e9partement \u00c9quipe F\u00e9d\u00e9ral A Arcachon 15\/16 Janvier\" data-description=\"37 new items \u00b7 Album by Talence GymPhoto\">\n  <object data=\"https:\/\/lh3.googleusercontent.com\/ssGmWaAErCa9VCAVogeta_pTZHafps_I0I-iuYHpVirjOn5TyKQMeAImESbXqnyINeDjl9-PXipzmyCCp_M7sIbIVawjcRd7ab9w-r4vk3DYflvKN4cVIhLJwhKyLlgmNMTmz74Tcw=w1920-h1080\"><\/object>\n  <object data=\"https:\/\/lh3.googleusercontent.com\/koE3KXBxmk16SUM_9qBz6iArP92mx-rFE1WX9SLO0F2ZbXoItJ6kgCwkIl6Irl4D3cNDroc34BjKAhVZRYP5KivwfzruxtHaiBT8CjItpw9pCxIJyvqodLcntdzg8l4XzqTIm5CJ0w=w1920-h1080\"><\/object>\n  <object data=\"https:\/\/lh3.googleusercontent.com\/ocPKOv-E1OnoKdnL6JGGi-5zQQEo9s903UIsrNcMxo8J5fEN8UN05katnV_o7QxU0ugvT-B8kpgLQP3QdPUZa7O_Gn8MU11upXXbuxhBqJGD2e_-gBsbiUCsFM20SBfj3tfLd5pUcw=w1920-h1080\"><\/object>\n  <object data=\"https:\/\/lh3.googleusercontent.com\/rSLi-cVQP4QxHgWH_0qhJ8fU7uUZewhLHOkgpI1_-8p8xJ2WKcJOgP1Dg_trl3_0cMvWYP9D_ybr179vpurKlu-3Zt3MmQXWwvzPycpE9x-68UEUeoQEN8_Lz00_bNciFv2hDuSFGA=w1920-h1080\"><\/object>\n  <object data=\"https:\/\/lh3.googleusercontent.com\/rR2W7S3aWNODbgvPjIiqtw-wpJzUURg4tEXpUBeRTLDsKLBzHhSQSKUtk0TBKVYX8T8njeYahFZ9tsHOYRVdC1-7Iy2URT4xnMy6NnqXBjh2cGAUA-aVXJVA7klKPwRsxbeCntyIBw=w1920-h1080\"><\/object>\n  <object data=\"https:\/\/lh3.googleusercontent.com\/FiQs8zhudHOv6EALwi_rTDwgmSYqSotch6u2TFvVE4bb6CgHGARY6Lg9PDg8SzJa1NApLAgpnASiU-3y8lAz6YsKmscHFy0hIRc8W2SoVqLwlVdqrU7b-elhcGp_z2d34bTlJUdZIg=w1920-h1080\"><\/object>\n  <object data=\"https:\/\/lh3.googleusercontent.com\/c3K7cyQ3I1eBwBnoBUu-mbrcNIKB_QUudxrMjvag-hVXBvlKQzJfSN47OaJ1xyE0p8CQNoVluFLov0CWL78nHiTqC2AkmrecqVRiZe2D8N8dkSNrM4oAwXiW58r0AG5vZCWS9dAbKg=w1920-h1080\"><\/object>\n  <object data=\"https:\/\/lh3.googleusercontent.com\/FGvNAMQZPq_L9lDeTkrVPUhXIhNSYODxX_pWcXuQ07tUHt92u7hBBlikPyvPz-h0QGSObr9yOeUmBFE7VbhElAxAgpv3TuDOKOWJVP-YmfelTfFdZfpNcDOT7I0ZSEzToUNZU8zqCw=w1920-h1080\"><\/object>\n  <object data=\"https:\/\/lh3.googleusercontent.com\/2ss-fg7r89IpZ64NqsZgpnqdYSBTQsqFwgRkfXQOSeTrt6BQ06S9q0S1rbY4zVZuoZaa-G_VL7lACTXb0OFNup0AVKlSwIHo5DLaaLIS3SrgMQ8uw0_YXPSCzdUXj1pR78Ymg5ox1Q=w1920-h1080\"><\/object>\n  <object data=\"https:\/\/lh3.googleusercontent.com\/9y0zNI1IxB_gon-2dEzTwMnJXvJfA99_8OT7iYAbEWSvHsGFHOdtRgW4Prv8GIqsLLAFJT86mGYgdxZsxlzsTjXDs2jBXDuq0CdZAJzIKuLsIrI9FUcRPfXtIEWcvwLUFVn3wHWq8w=w1920-h1080\"><\/object>\n  <object data=\"https:\/\/lh3.googleusercontent.com\/ovRPFOteG_9DnKfEXgDGw8mniP03DKpOi6RDlSa5AL1KA8CH0m0BX3hfZj3s29rITrcN9f6JC4KGMnJx6kzCIw9Ps9hTkYYBweGq-isygHwOJwJ_KT-2atR2AWnhJzcO-1yGKkRj2w=w1920-h1080\"><\/object>\n  <object data=\"https:\/\/lh3.googleusercontent.com\/1G0h38uJ1paf-kU1mczNN9iTkmqtvVBFK2xY3ZetH4NPkpHs5VRLYGQmVMq7SeCsXit5RYFcFpeC5ft7vyn9eDVpVKBiycMfi2tcR6NXceVky9jzmetqeeg1rQPmRHYoUm4spbX6Uw=w1920-h1080\"><\/object>\n  <object data=\"https:\/\/lh3.googleusercontent.com\/6EVvcazJouruMR5dhM3q-jSGpPyGoDhNklAyx7a_5iBTdlT1EaIjI6heBjfGP3g4uUYv6JuP7b_H07qjm25tA8GArRmyu0-n-vBZ6z_yAWaJz4l-ofvMPbuFVP81rjxZ9RM5kxNrfw=w1920-h1080\"><\/object>\n  <object data=\"https:\/\/lh3.googleusercontent.com\/qqK_FLHpXs6lRwPOvkG891C_CByjpWYX4nRiilVjX8i005PabsjifB27nSUskKrm1N5VYtdk6GFvazKQCNaYabplw-vAjJ8S__LlAZGpBDWsbUtvus8V5IWDeqGA6QMDfqqDIkth-Q=w1920-h1080\"><\/object>\n  <object data=\"https:\/\/lh3.googleusercontent.com\/cMTCPiXiiAPHNadBuoukcX_vN9vP-5gfqtkC_JlHbITAoSHyQVDrDJkfRMgz4g6Ud9sx9qAgQGP-MNmxSv7mAozAisOI-Oe2nrDRgK9ZdvFPBKHw1qH1y4lsdPSfdazoyLpz9IaZ4w=w1920-h1080\"><\/object>\n  <object data=\"https:\/\/lh3.googleusercontent.com\/-P-TueHsywE_drK9p3FqqSvIsKHXjoRCUZxAsk3dTEQkNaGfcMhY8mhcDZulWoYpF7s2ovMWngufyaPpxSL6i7QTIVZoyFT5V7WBMu57aO5aUGLmLUp4vNeTgsMDmdvLiF0ytDlwyA=w1920-h1080\"><\/object>\n  <object data=\"https:\/\/lh3.googleusercontent.com\/vIUduc2qRdmMiZYO6F__-m6fuXgYNsQFTp4j7y-6vfLLMPgdmzjsi8eeFaYuv81ICROFOKPBYekCxScDCjkGNQ9Th2dw4ond3QiQ6Wo7bs197yCupjSzfpANMCWRgkrAy95YgrX8gg=w1920-h1080\"><\/object>\n  <object data=\"https:\/\/lh3.googleusercontent.com\/zaBaykEXY5Px5HNoR_0sMbdLxLnyLuWXTPLPDbiLflZ5peKDTxcj6XYIbX4RWl_-5_5wpd_4yYSjybrnEmIHaEcNQJ6DAcKUOIdJ7iS-GbXHo3r_tlQhNt6A8sr78VHwBWIruG7HUA=w1920-h1080\"><\/object>\n  <object data=\"https:\/\/lh3.googleusercontent.com\/aJsudZ7BU3ONDKHIoAkAcqpXT9l8zueWp0IcpTNmMaVa_6_q5DYrgaRjQtebGTWLSNL7p-Z8W6VlMlNgdh7LHvjLAOamQ4IKjOxW8dnh8-zv_daaCKeEmOyxYUwW2sVSkSPRF-8Y2g=w1920-h1080\"><\/object>\n  <object data=\"https:\/\/lh3.googleusercontent.com\/f295gJtMwd7iNLe6lIJxEW_ubEkuRS8QOrg3gnri3oPm0HJzdD7NXESrGRNF0ywFFYvkpc5IKV1R8o-Ewfo7-UrvV_pDwhyehwkQ9T3LlIi1FaI_yYdR9xOPkB6bZdLluerDf2DuWQ=w1920-h1080\"><\/object>\n  <object data=\"https:\/\/lh3.googleusercontent.com\/lRFgHciOH_vb6abAgyyQaudBZOqWp7dNJQDDxzY5eds3C_LVwrnsl2pzJDiIJOEsUcn_N069ifMVVbeFBYULBlFYv6VMuYndysBUebU0vgbgohAmL-AuP5wuu0muRC85ZQ-dXpnezg=w1920-h1080\"><\/object>\n  <object data=\"https:\/\/lh3.googleusercontent.com\/XtE-tH7nA5Gxry2fAclBow0bJV2CiFUKdoGd1EMEKca34-fXNyiOTtIL_AFK0emD3vpIFguG4qWROE6kdqEG0YyZXU9_y7SRHT-pAIZ7pv_9zfOfhJAEr1uBUqhkGXMPRdImrQJyAg=w1920-h1080\"><\/object>\n  <object data=\"https:\/\/lh3.googleusercontent.com\/z8hBkDFRbgIeVgVp5nniIwWWI565MyxLQgMlKojd7TfrQX4gxRPgHKvV0d675S848bVGe4CuBjI_3D4nvh_LdvgxUd7501h5ocdQ2IUnQ_2ZX3O5PB9-et3fMC0J82ya8MtZ_kNeLQ=w1920-h1080\"><\/object>\n  <object data=\"https:\/\/lh3.googleusercontent.com\/gAwyO_SyIdBVmhU35sxmAvsLt8ztc3JxnlIzjOqXKLDwpXwTkeQqPSPRa0RCgr8Waw5u_ZDPINfzN_uxA0MrcVdqQatX5QS4QlcOJ6Qk9Y8qtbYR0gzq_tf3R1RP_fbit-MLWQ_CQA=w1920-h1080\"><\/object>\n  <object data=\"https:\/\/lh3.googleusercontent.com\/GBwHHxK6cRypNMUA1iAKYTjvdoQG0pws1NI2yM1LfZeKUXoaDo-nBwJSeiJ7-ykqztYcXEWWBLk_QusmLQAvo_jnAisnwkXfZE82qDHvbnPoAG_oQmH4NE7Wo95HH-GpViC0juK4CQ=w1920-h1080\"><\/object>\n  <object data=\"https:\/\/lh3.googleusercontent.com\/T7X7RuXt8lgpEvcTJG97P8E1QCU6f0vs4ukloAMFRotgqaH6Bo1G-cLq3tE4pxc9WbQCQCATTjBZ4rab812T-DzdHj762e0HbUWSnPlDVJjfzB5SYANwRHBSdWQNbNG7HslNiewDyQ=w1920-h1080\"><\/object>\n  <object data=\"https:\/\/lh3.googleusercontent.com\/jJEltI1L3P8bhPDJ6ubViHxRCpN2RjBLXNM7tdS6mzZY1ndO_iO6kUzpKY3K2DO00J95e6uTY73ljBB4VyDprfKPc9mMqOvKugL8xmCCXcHPOcF0R6jNXLtoJg3z6RsBCi3afJzxnQ=w1920-h1080\"><\/object>\n  <object data=\"https:\/\/lh3.googleusercontent.com\/sopKczzegIU3x3waHoMJfAGIYR0cItXmjVoi81dR_gOi-V0XDe-60nfhNzYJkJqD-JtpVOd6nvAr3TpIJCoijpOBurNMGDgEnUFUDZFtsi86snTT0yJH3auO0TWZxY_6_XlPyl8X5Q=w1920-h1080\"><\/object>\n  <object data=\"https:\/\/lh3.googleusercontent.com\/TJol0wIYp_nYK8lRQcy_k3T_9NiSLpoVLCt4qtH908nZRqKX1v64_XPbYAItAEOQNzgctLlnEwbSrxEIV17gnA74F8dzaN7Sma2o8AiraFYNltfYEt3z-m4YRgNRKhaNUUHwMdgHvQ=w1920-h1080\"><\/object>\n  <object data=\"https:\/\/lh3.googleusercontent.com\/dNc1ZaqtiUra-pg6Lcql0pTg_UpSDEMoU7u3nGoscp0ibgdWh4298N1iiB-yxy0xQCVuD365g9NFoytHqtl1-p8sbYkjwFEUeBrnUXlXYbRDu1jw1p2-b1vGe9oNofVlm-ismJc6wQ=w1920-h1080\"><\/object>\n  <object data=\"https:\/\/lh3.googleusercontent.com\/PULTUIkRxS8G7rE1EV7sl_5OMB0lg_OshFZaQTJABGslEnaDxWOIo7oPhr0m1hk1keJm7LtazGg8Qim69winpYGuV2GqyiMg7Fj8Ep1xaZeQtB6_-MgO6AFB5APsxZBZViKObUwgpg=w1920-h1080\"><\/object>\n  <object data=\"https:\/\/lh3.googleusercontent.com\/1OzoudTxxoteKC-xjzK2EBlCQYnjhz2tO-R-aw8FJckWjaHizmCe4bKiBl4zjpTREB6QYFyNdaMYWCqSLyHo5n-69tQJTh-S8CAGlVzqqcdn15TYcqSFp0A-wK7ekd8z72XjI8H2ZA=w1920-h1080\"><\/object>\n  <object data=\"https:\/\/lh3.googleusercontent.com\/EBUwlr9oU4WTlc6wSCHhq1YpXqZphpUPgtcx7KEgTfeBHc72PZgaTa4rE0thByEwlOxu7vJZKBPK9ywJfrDRoP4OY6bsL2W3_WS9YvUbowzGUXrebOHeadkYCrHNIQ20ow0HpsLYew=w1920-h1080\"><\/object>\n  <object data=\"https:\/\/lh3.googleusercontent.com\/Kke0yzobsxjVVv15shXjWAHdtST96pt0FajzmSjeGW_Drv4gawXFGbU4zvwkTcrjXAI5FcdroCNzAoOroxTLCgHPHaBYJUQRHC1uaDHVO_s6zXQjpyDOHVDIWORuGbqFbM2RcJqmZw=w1920-h1080\"><\/object>\n  <object data=\"https:\/\/lh3.googleusercontent.com\/P7m3NiH8FJ91tmtheBmjpHK6QWf8Lq3cuEEAYA8JNcvFaEY36YcVljwngj9-nxeqwzLHtlSd8NiiA5pLVhw5IBzQ6c3H8RzePA6ncYsKgzYxdICw-UYT0Y0fsy5Zz-FlBvVaeozmgw=w1920-h1080\"><\/object>\n  <object data=\"https:\/\/lh3.googleusercontent.com\/RsVTb4s_vV_u9RLXCqwn5-iGPi00QNLBhDvpAX3eca9weBO7Tv1SqQIwVSTdBpJCut-8Z5tNOkySQKRSPukONIFiGp_kHklbDOblGGd5kLi7X7zPIl-I761wZcLsRnsZPU5RURbRzA=w1920-h1080\"><\/object>\n  <object data=\"https:\/\/lh3.googleusercontent.com\/9RCdb4vqxVjHaS76IqF9ljKe76YxpEYC1muqy_UiZchPSI7xqMMJLfYBClyno2b9t3_Ydvg0zUdoYKD1NpXJ3FIz09AfRCyBsnKMhzNQ3y6YRUVzJsvo9TnzpOw8F20o7mebG8vcdQ=w1920-h1080\"><\/object>\n<\/div>\n","protected":false},"excerpt":{"rendered":"<p>R\u00e9sultats \u00c9quipe R\u00e9sultat Total point D\u00e9tail F\u00e9d\u00e9ral A reg 10-11 ans 7\/8 83.950 Voir F\u00e9d\u00e9ral A reg 10 ans et + 12\/17 79.300 Voir F\u00e9d\u00e9ral A reg 14 ans et + 4\/14 99.750 Voir F\u00e9d\u00e9ral A 14 ans et + 4\/8 139.900 Voir Photos de la comp\u00e9tition<\/p>\n","protected":false},"author":1,"featured_media":0,"parent":352,"menu_order":0,"comment_status":"closed","ping_status":"closed","template":"","meta":{"footnotes":""},"class_list":["post-822","page","type-page","status-publish","hentry"],"jetpack_sharing_enabled":true,"_links":{"self":[{"href":"https:\/\/talencegymnastique.fr\/index.php?rest_route=\/wp\/v2\/pages\/822","targetHints":{"allow":["GET"]}}],"collection":[{"href":"https:\/\/talencegymnastique.fr\/index.php?rest_route=\/wp\/v2\/pages"}],"about":[{"href":"https:\/\/talencegymnastique.fr\/index.php?rest_route=\/wp\/v2\/types\/page"}],"author":[{"embeddable":true,"href":"https:\/\/talencegymnastique.fr\/index.php?rest_route=\/wp\/v2\/users\/1"}],"replies":[{"embeddable":true,"href":"https:\/\/talencegymnastique.fr\/index.php?rest_route=%2Fwp%2Fv2%2Fcomments&post=822"}],"version-history":[{"count":16,"href":"https:\/\/talencegymnastique.fr\/index.php?rest_route=\/wp\/v2\/pages\/822\/revisions"}],"predecessor-version":[{"id":1066,"href":"https:\/\/talencegymnastique.fr\/index.php?rest_route=\/wp\/v2\/pages\/822\/revisions\/1066"}],"up":[{"embeddable":true,"href":"https:\/\/talencegymnastique.fr\/index.php?rest_route=\/wp\/v2\/pages\/352"}],"wp:attachment":[{"href":"https:\/\/talencegymnastique.fr\/index.php?rest_route=%2Fwp%2Fv2%2Fmedia&parent=822"}],"curies":[{"name":"wp","href":"https:\/\/api.w.org\/{rel}","templated":true}]}}