{"id":993,"date":"2022-03-13T22:30:38","date_gmt":"2022-03-13T21:30:38","guid":{"rendered":"https:\/\/talencegymnastique.fr\/?page_id=993"},"modified":"2022-04-17T20:53:39","modified_gmt":"2022-04-17T18:53:39","slug":"interdepartement-equipe-gam-gaf-12-13-mars-la-teste-boulazac","status":"publish","type":"page","link":"https:\/\/talencegymnastique.fr\/?page_id=993","title":{"rendered":"InterD\u00e9partement \u00c9quipe GAM\/GAF 12\/13 Mars La Teste\/Boulazac"},"content":{"rendered":"\n<p class=\"has-text-align-center has-luminous-vivid-amber-color has-black-background-color has-text-color has-background has-medium-font-size\"><strong>R\u00e9sultats<\/strong><\/p>\n\n\n\n<p class=\"has-text-align-center has-background has-normal-font-size\" style=\"background-color:#ea14bc\"><strong>GAF &#8211; LA TESTE<\/strong><\/p>\n\n\n\n<figure class=\"wp-block-table is-style-stripes\"><table class=\"has-background\" style=\"background:linear-gradient(135deg,rgb(236,4,193) 0%,rgb(0,209,190) 100%)\"><tbody><tr><td><em>\u00c9quipe<\/em><\/td><td class=\"has-text-align-left\" data-align=\"left\"><em>R\u00e9sultat<\/em><\/td><td class=\"has-text-align-center\" data-align=\"center\"><em>Total point<\/em><\/td><td class=\"has-text-align-center\" data-align=\"center\"><em>D\u00e9tail<\/em><\/td><\/tr><tr><td>Nationale 12 ans et plus \u00e9quipe 1<\/td><td class=\"has-text-align-left\" data-align=\"left\">2\/7<\/td><td class=\"has-text-align-center\" data-align=\"center\">135.682<\/td><td class=\"has-text-align-center\" data-align=\"center\"><a href=\"https:\/\/talencegymnastique.fr\/wp-content\/uploads\/2022\/04\/NATA12.pdf\" data-type=\"URL\" data-id=\"https:\/\/talencegymnastique.fr\/wp-content\/uploads\/2022\/04\/NATA12.pdf\">Voir<\/a><\/td><\/tr><tr><td>Nationale 12 ans et plus \u00e9quipe 2<\/td><td class=\"has-text-align-left\" data-align=\"left\">6\/7<\/td><td class=\"has-text-align-center\" data-align=\"center\">124.163<\/td><td class=\"has-text-align-center\" data-align=\"center\"><a href=\"https:\/\/talencegymnastique.fr\/wp-content\/uploads\/2022\/04\/NATA12.pdf\">Voir<\/a><\/td><\/tr><tr><td>Performance r\u00e9gionale 7-9 ans<\/td><td class=\"has-text-align-left\" data-align=\"left\">4\/13<\/td><td class=\"has-text-align-center\" data-align=\"center\">119.629<\/td><td class=\"has-text-align-center\" data-align=\"center\"><a href=\"https:\/\/talencegymnastique.fr\/wp-content\/uploads\/2022\/04\/PerfREG-7-9.pdf\">Voir<\/a><\/td><\/tr><\/tbody><\/table><\/figure>\n\n\n\n<p class=\"has-text-align-center has-background has-normal-font-size\" style=\"background-color:#ea14bc\"><strong>GAM &#8211; BOULAZAC<\/strong><\/p>\n\n\n\n<figure class=\"wp-block-table is-style-stripes\"><table class=\"has-background\" style=\"background:linear-gradient(135deg,rgb(236,4,193) 0%,rgb(0,209,190) 100%)\"><tbody><tr><td><em>\u00c9quipe<\/em><\/td><td class=\"has-text-align-left\" data-align=\"left\"><em>R\u00e9sultat<\/em><\/td><td class=\"has-text-align-center\" data-align=\"center\"><em>Total point<\/em><\/td><td class=\"has-text-align-center\" data-align=\"center\"><em>D\u00e9tail<\/em><\/td><\/tr><tr><td>F\u00e9d\u00e9ral A 10-15 ans<\/td><td class=\"has-text-align-left\" data-align=\"left\">3\/4<\/td><td class=\"has-text-align-center\" data-align=\"center\">165.250<\/td><td class=\"has-text-align-center\" data-align=\"center\"><a href=\"https:\/\/talencegymnastique.fr\/wp-content\/uploads\/2022\/04\/FEDA-GAM.pdf\">Voir<\/a><\/td><\/tr><\/tbody><\/table><\/figure>\n\n\n\n<p class=\"has-text-align-center has-luminous-vivid-amber-color has-black-background-color has-text-color has-background has-medium-font-size\"><strong>Photos de la comp\u00e9tition<\/strong><\/p>\n\n\n\n<script src=\"https:\/\/cdn.jsdelivr.net\/npm\/publicalbum@latest\/embed-ui.min.js\" async=\"\"><\/script>\n<div class=\"pa-carousel-widget\" style=\"width:100%; height:480px; display:none;\" data-link=\"https:\/\/photos.app.goo.gl\/RZdVBb7UaECqV24t6\" data-title=\"ID GAM\/GAF Equipes PERF 12\/13 mars\" data-description=\"12 new items \u00b7 Album by Talence GymPhoto\">\n  <object data=\"https:\/\/lh3.googleusercontent.com\/9PEe605CG3u85OZ3xwKNhI3UkxXLL2TEwixek_s3f-BadbMxz5E-bSDuTBPXBaXSNV-7k2INmybVdjV8Kz4oKKPcgS27PhBC1-sCjGN-quT51BH_YQnAp4wLE8D7FpUmyexiq4KkkA=w1920-h1080\"><\/object>\n  <object data=\"https:\/\/lh3.googleusercontent.com\/HVcVZNKDdgznjcRxMZr--gnFhRU-lljNeTECYkwigDOJZAdSpwHVs4GkUdqLhdDEumyTt5zTp9VQjt29u3zbI7PBF_1pJb5WUMvMkj4hHyj7eX3jCwOoSZh-NcJEadSZXMErAPMWLg=w1920-h1080\"><\/object>\n  <object data=\"https:\/\/lh3.googleusercontent.com\/Xstcv81EwuQpW9S2P6eXuwfzX6xdjCcO0TWSB50EMRMGeJxArc904nB90gYifiZdG4gpqjLS21-ONL6bzcw-lzKfvGRdk0B4Y5eEEF53jBFIqeZ8XRpdulYKFYltf44_fTAk5Xxc1A=w1920-h1080\"><\/object>\n  <object data=\"https:\/\/lh3.googleusercontent.com\/JCL4lJ995xQcgQLjoNJD8sFN_ifTF0lGnjKKYHybDWYZYvTra6q1vc7mPxXFt8TOX_9vFy98GKjUIfa4eIrLzRtYnQgkQHFfEfBVW2OXR_XJ7OVa6VArDobU6lv1PYkTqvOkPRVwGg=w1920-h1080\"><\/object>\n  <object data=\"https:\/\/lh3.googleusercontent.com\/J3QRAyrTLntQn_brwoAweEUlndV6dqJPscvmT8Jc3lYWYIMfdsoCwu-obRCy8m3BS8dmz9_MKtjBAaNzSZ0ck0UF5S5cNiQgjwUgjzVHkfUCwRU63YUIwt4L2O6gcfnDqZY97Wh1bw=w1920-h1080\"><\/object>\n  <object data=\"https:\/\/lh3.googleusercontent.com\/W3dG1GRhKdZ_oLrZdTubkBmqlB10wJGjRTOd4SImvfILQ4bAjd9jYQujehW4T4_o48kSStaIFqmHBCC1CtJV3AKaoKAr0Lvs_QyqpuqZALOA6fYMxCpXI_8bj_ktVH61qnaK6GssBg=w1920-h1080\"><\/object>\n  <object data=\"https:\/\/lh3.googleusercontent.com\/FkatzpjjsdUbb_v8_N6ly8xxM9wr4nPWOIgQMM9NvAioNdu-AN4yniWWxJwSwVRE2UifEqhog7KxA-O2AT5CpMVsBR4-HCg_bEtpvQUBGrsu5_Zq0mJ74Hoz_UjuD83q8DmznW9Mwg=w1920-h1080\"><\/object>\n  <object data=\"https:\/\/lh3.googleusercontent.com\/RprYzHjvct5csEc4Sl0hM7ZVcEFC0bPotsTRCA7fQyCul-zksnAYw8aKls2QXDi4EFiXoH-Sd9Ck5xVb48OqtWEuxj8_vW37kFx17XJRpQ6XRwNleaOnkXB2Su--q-mAV1G8YvpRRg=w1920-h1080\"><\/object>\n  <object data=\"https:\/\/lh3.googleusercontent.com\/psh6-FRVae7X30PiQOh65omlrkIwVi6bRm8BSMvqhldPOkSS9HKJMBi7KAYtEBNfoXb0Om5Vnaf8k9ZzUQKFDn4vwfaFe5dEWLc9ZdPxoQRRB6A-ki95oPOZxXq2tjnJmkvpDg0oIA=w1920-h1080\"><\/object>\n  <object data=\"https:\/\/lh3.googleusercontent.com\/FXt3K1DE6rlZPs_kyLiYotGDwGU4JhFf_YlGDCZlCtOjO8ot5f5bTjbTselmGHkIs-MRRpRcKS2NTM7aI3e0d3Q0t0Pj-ZrH1uUr1P0Nle3iUIh5NiD53tI-HlpChA37Y30QGF_72w=w1920-h1080\"><\/object>\n  <object data=\"https:\/\/lh3.googleusercontent.com\/r2gGvaZ6wCNfB87ci3bot80l6qyEzpRhkAVdEmz9IgIqNWAcUpZ8aP86M23sj7Q4E9P1qQFB8sMfB_WENpcXTE2Csfcx6HI0t2JxfarBa1Az7BM2zQt3TqlSLfaq3RYDi3iQN6zDrg=w1920-h1080\"><\/object>\n  <object data=\"https:\/\/lh3.googleusercontent.com\/5DYOcKHZV8rKS-TmtyO_JasfjMVtEToCw10CP3py7pNZyOZEKbZzjXhlEjFvfmZe1h3zu4wguBk-BP2oJqELR5Myx5bqUhHCf6QgQMWKETXkRlAV7HznwhHQlxMbtLmUK-4pFXdz-Q=w1920-h1080\"><\/object>\n<\/div>\n","protected":false},"excerpt":{"rendered":"<p>R\u00e9sultats GAF &#8211; LA TESTE \u00c9quipe R\u00e9sultat Total point D\u00e9tail Nationale 12 ans et plus \u00e9quipe 1 2\/7 135.682 Voir Nationale 12 ans et plus \u00e9quipe 2 6\/7 124.163 Voir Performance r\u00e9gionale 7-9 ans 4\/13 119.629 Voir GAM &#8211; BOULAZAC \u00c9quipe R\u00e9sultat Total point D\u00e9tail F\u00e9d\u00e9ral A 10-15 ans 3\/4 165.250 Voir Photos de la &hellip; <\/p>\n","protected":false},"author":1,"featured_media":0,"parent":352,"menu_order":0,"comment_status":"closed","ping_status":"closed","template":"","meta":{"footnotes":""},"class_list":["post-993","page","type-page","status-publish","hentry"],"jetpack_sharing_enabled":true,"_links":{"self":[{"href":"https:\/\/talencegymnastique.fr\/index.php?rest_route=\/wp\/v2\/pages\/993","targetHints":{"allow":["GET"]}}],"collection":[{"href":"https:\/\/talencegymnastique.fr\/index.php?rest_route=\/wp\/v2\/pages"}],"about":[{"href":"https:\/\/talencegymnastique.fr\/index.php?rest_route=\/wp\/v2\/types\/page"}],"author":[{"embeddable":true,"href":"https:\/\/talencegymnastique.fr\/index.php?rest_route=\/wp\/v2\/users\/1"}],"replies":[{"embeddable":true,"href":"https:\/\/talencegymnastique.fr\/index.php?rest_route=%2Fwp%2Fv2%2Fcomments&post=993"}],"version-history":[{"count":4,"href":"https:\/\/talencegymnastique.fr\/index.php?rest_route=\/wp\/v2\/pages\/993\/revisions"}],"predecessor-version":[{"id":1052,"href":"https:\/\/talencegymnastique.fr\/index.php?rest_route=\/wp\/v2\/pages\/993\/revisions\/1052"}],"up":[{"embeddable":true,"href":"https:\/\/talencegymnastique.fr\/index.php?rest_route=\/wp\/v2\/pages\/352"}],"wp:attachment":[{"href":"https:\/\/talencegymnastique.fr\/index.php?rest_route=%2Fwp%2Fv2%2Fmedia&parent=993"}],"curies":[{"name":"wp","href":"https:\/\/api.w.org\/{rel}","templated":true}]}}